{"id":244,"date":"2023-04-08T02:41:15","date_gmt":"2023-04-08T00:41:15","guid":{"rendered":"https:\/\/amphetaminapotek.com\/?post_type=product&#038;p=244"},"modified":"2024-01-21T15:28:10","modified_gmt":"2024-01-21T14:28:10","slug":"zolpidem-10mg","status":"publish","type":"product","link":"https:\/\/amphetaminapotek.com\/index.php\/product\/zolpidem-10mg\/","title":{"rendered":"zolpidem  10mg"},"content":{"rendered":"<h2>K\u00f6p Zolpidem 10mg online i Sverige<\/h2>\n<p>K\u00f6p Zolpidem 10mg online i Sverige | Zolpidemfor f\u00f6rs\u00e4ljning i sverige | zolpidem<\/p>\n<p><a href=\"https:\/\/www.fass.se\/LIF\/product?userType=0&amp;nplId=20021217000151\">Zolpidem<\/a>, som s\u00e4ljs under varum\u00e4rket Ambien, \u00e4r bland annat ett lugnande medel som fr\u00e4mst anv\u00e4nds f\u00f6r behandling av s\u00f6mnbesv\u00e4r. Det rekommenderas vanligtvis endast om s\u00f6mnhygien inte \u00e4r effektiv. Wikipedia<br \/>\nFormel: C19H21N3O<br \/>\nBiotillg\u00e4nglighet: 70% (genom munnen)<br \/>\n\u00c5tg\u00e4rdens varaktighet: 3 timmar<br \/>\nEliminationshalveringstid: 2-3 timmar<br \/>\nUtskiljning: Njur (56%); fekal (34%)<br \/>\nFolk s\u00f6ker ocks\u00e5 efter: Alprazolam, Diazepam, <a href=\"https:\/\/amphetaminapotek.com\/index.php\/product\/mandrax-quaalude-300-mg\/\">Lorazepam<\/a>, MER<br \/>\nVarunamn: Ambien, Ambien, <a href=\"https:\/\/amphetaminapotek.com\/index.php\/product\/mandrax-quaalude-300-mg\/\">Stilnoct<\/a>, andra<\/p>\n<h3>Viktig information<\/h3>\n<p>Zolpidem kan orsaka en allvarlig allergisk reaktion. Sluta ta Zolpidem och f\u00e5 akut\u00a0medicinsk\u00a0hj\u00e4lp om du har n\u00e5gra av dessa tecken p\u00e5 en allergisk reaktion: N\u00e4sselfeber; sv\u00e5rt att andas; svullnad i ansikte, l\u00e4ppar, tunga eller hals.<\/p>\n<p>Dela inte denna\u00a0medicin\u00a0med en annan person, \u00e4ven om de har samma\u00a0symptom\u00a0som du har. De rekommenderade doserna av zolpidem \u00e4r inte desamma hos m\u00e4n och kvinnor, och detta\u00a0l\u00e4kemedel\u00a0\u00e4r inte godk\u00e4nt f\u00f6r anv\u00e4ndning hos barn. Missbruk av denna medicinering kan resultera i farliga biverkningar.<\/p>\n<h3>best\u00e4lla stilnox utan recept<\/h3>\n<p>Zolpidem kan f\u00f6rs\u00e4mra ditt t\u00e4nkande eller reaktioner. Du kan fortfarande k\u00e4nna dig s\u00f6mnig efter att du har tagit det h\u00e4r l\u00e4kemedlet, s\u00e4rskilt om du tar f\u00f6rl\u00e4ngd\u00a0fris\u00e4ttningstablett\u00a0eller om du \u00e4r kvinna. V\u00e4nta minst 4 timmar eller tills du \u00e4r helt vaken innan du g\u00f6r n\u00e5gonting som kr\u00e4ver att du \u00e4r vaken och uppm\u00e4rksam.<\/p>\n<p>Vissa personer som anv\u00e4nder detta\u00a0l\u00e4kemedel\u00a0har engagerat sig i aktiviteter som k\u00f6rning, \u00e4tning, promenader, telefonsamtal eller sex och senare har inget minne om aktiviteten. Om detta h\u00e4nder med dig, sluta ta zolpidem och tala med din l\u00e4kare om en annan behandling f\u00f6r s\u00f6mnst\u00f6rningen.<\/p>\n<p>Ta aldrig detta l\u00e4kemedel i st\u00f6rre m\u00e4ngder eller l\u00e4ngre \u00e4n vad som f\u00f6reskrivs.<\/p>\n<p>Ta inte zolpidem om du har konsumerat\u00a0alkohol\u00a0under dagen eller precis innan s\u00e4ngen.<\/p>\n<p>Vissa personer som anv\u00e4nder detta l\u00e4kemedel har engagerat sig i aktiviteter som k\u00f6rning, \u00e4tning, promenader, telefonsamtal eller sex och senare har inget minne om aktiviteten.<\/p>\n<h3>K\u00f6p Zolpidem i sverige<\/h3>\n<p>I januari 2013 s\u00e4nkte Food and Drug Administration (FDA) den\u00a0rekommenderade\u00a0dosen f\u00f6r Ambien, Edluar och Zolpimist. Om du har tagit Zolpidem tidigare kan din l\u00e4kare rikta dig att ta en l\u00e4gre dos av detta\u00a0l\u00e4kemedel\u00a0\u00e4n du gjorde tidigare.<\/p>\n<p>&nbsp;<\/p>\n<p>k\u00f6p zolpidem online, du undrar kanske var alla i sverige k\u00f6per zolpidem,<\/p>\n<p>vi har unders\u00f6kt de b\u00e4sta st\u00e4llena att k\u00f6pa zolpidem i sverige, klicka och ta reda p\u00e5<\/p>\n<h2>K\u00f6p billiga k\u00f6p zolpidem i sverige online utan recept<\/h2>\n<p>du kan k\u00f6pa zolpidem online i sverige till en mycket billig r\u00e4nta och f\u00e5 snabb hemleverans,<\/p>\n<p>genom \u00e5ren vi har studerat och f\u00f6ljt anv\u00e4ndare som framg\u00e5ngsrikt k\u00f6per zolpidem online utan recept.<\/p>\n<p>Vi ins\u00e5g att cirka 80% av dessa anv\u00e4ndare k\u00f6pte zolpidem online fr\u00e5n<\/p>\n<p>medan de andra 20% k\u00f6pte via e-postmeddelandet<\/p>\n<h4>Vad \u00e4r priset p\u00e5 zolpidem 8 mg online<\/h4>\n<p>Vi s\u00f6kte efter priser p\u00e5 zolpidem och ins\u00e5g att vi p\u00e5<\/p>\n<p>tramadolapotek har de b\u00e4sta zolpidempriserna f\u00f6r<\/p>\n<p>onlinef\u00f6rs\u00e4ljning och vi har hittills den snabbaste leveransen<\/p>\n<p>f\u00f6r zolpidem s\u00e5 best\u00e4ll dina piller fr\u00e5n oss.<\/p>\n<h4>Hur man k\u00f6per <a href=\"https:\/\/medlineplus.gov\/druginfo\/meds\/a693025.html\">zolpidem<\/a> flashback online utan recept<\/h4>\n<p>det \u00e4r v\u00e4ldigt l\u00e4tt att k\u00f6pa zolpidem online hos oss,<\/p>\n<p>klicka bara p\u00e5 l\u00e4nken nedan och v\u00e4lj det belopp du beh\u00f6ver och fullst\u00e4ndig best\u00e4llning,<\/p>\n<p>du f\u00e5r v\u00e5rt meddelande och riktning att betala, det \u00e4r enkelt och snabbt,<\/p>\n<p>vi erbjuder 24 timmars leverans och till och med 12 timmars leverans f\u00f6r adresser i stockholm<br \/>\nvi erbjuder ocks\u00e5 whatsapp-support,<\/p>\n<h3>Var man kan k\u00f6pa Original zolpidem 8 mg online utan recept.<\/h3>\n<p>Tja, vi har redan gjort det mycket tydligt att k\u00f6pa zolpidem online<\/p>\n<p>aldrig har varit enklare \u00e4n nu, det beror p\u00e5 att vi har gjort den h\u00e5rda delen och<\/p>\n<p>nu beh\u00f6ver du bara klicka och betala f\u00f6r att f\u00e5 ditt paket och en mycket snabb leverans.<\/p>\n<h4>Var kan jag best\u00e4lla original zolpidem online utan recept<\/h4>\n<p>klicka bara p\u00e5 l\u00e4nken h\u00e4r<\/p>\n<h4>Skaffa zolpidem billigt<\/h4>\n<p>och f\u00f6r att f\u00e5 zolpidem online till extremt bra priser via e-post<\/p>\n<h4>ska jag ta zolpidem<\/h4>\n<p>En del personer som anv\u00e4nder <a href=\"https:\/\/amphetaminapotek.com\/index.php\/product\/mandrax-quaalude-300-mg\/\">zolpidem<\/a> har varit verksamma som att k\u00f6ra,<\/p>\n<p>\u00e4ta, g\u00e5, ringa telefonsamtal eller ha sex och senare inte ha n\u00e5got minne om aktiviteten.<\/p>\n<p>Om detta h\u00e4nder dig, sluta ta zolpidem<\/p>\n<p>och prata med din l\u00e4kare om en annan behandling<\/p>\n<p>av din s\u00f6mnst\u00f6rning.<\/p>\n","protected":false},"excerpt":{"rendered":"<p>Zolpidem anv\u00e4nds f\u00f6r att behandla s\u00f6mnl\u00f6shet. Den omedelbara fris\u00e4ttningsformen av zolpidem \u00e4r Ambien, Intermezzo, Edluar och Zolpimist, som anv\u00e4nds f\u00f6r att hj\u00e4lpa dig somna. Den f\u00f6rl\u00e4ngda fris\u00e4ttningsformen av zolpidem \u00e4r Ambien CR, som har ett f\u00f6rsta lager som l\u00f6ser sig snabbt f\u00f6r att hj\u00e4lpa dig somna, och ett andra lager som l\u00f6ser sig l\u00e5ngsamt f\u00f6r att hj\u00e4lpa dig somna.<\/p>\n<p>Ambien, Edluar och Zolpimist anv\u00e4nds f\u00f6r att hj\u00e4lpa dig somna n\u00e4r du g\u00e5r och l\u00e4gger dig. Intermezzo, anv\u00e4nds f\u00f6r att hj\u00e4lpa dig att ligga i s\u00f6mn om du vaknar i mitten av natten och sedan har sv\u00e5rt att sova.<\/p>\n","protected":false},"featured_media":274,"comment_status":"closed","ping_status":"closed","template":"","meta":{"_monsterinsights_skip_tracking":false,"_monsterinsights_sitenote_active":false,"_monsterinsights_sitenote_note":"","_monsterinsights_sitenote_category":0,"_uf_show_specific_survey":0,"_uf_disable_surveys":false,"neve_meta_sidebar":"","neve_meta_container":"","neve_meta_enable_content_width":"off","neve_meta_content_width":100,"neve_meta_title_alignment":"","neve_meta_author_avatar":"","neve_post_elements_order":"","neve_meta_disable_header":"","neve_meta_disable_footer":"","neve_meta_disable_title":"","_themeisle_gutenberg_block_has_review":false},"product_brand":[],"product_cat":[21,29,199,42,43],"product_tag":[200,201,202,203,204,205,206,207,208],"class_list":{"0":"post-244","1":"product","2":"type-product","3":"status-publish","4":"has-post-thumbnail","6":"product_cat-antidepressiva-medel","7":"product_cat-depression","8":"product_cat-sexuell-dysfunktion","9":"product_cat-smartlindring","10":"product_cat-somntabletter","11":"product_tag-bestalla-zolpidem-10-mg-utan-recept","12":"product_tag-bestil-zolpidem-10-mg-uden-recept","13":"product_tag-bestill-zolpidem-10-mg-uten-resept","14":"product_tag-kjop-zolpidem-10mg-uten-resept","15":"product_tag-kob-zolpidem-10mg-uden-recept","16":"product_tag-kop-zolpidem-10-mg-utan-recept","17":"product_tag-kvalitet-zolpidem-10-mg-tablett-utan-recept","18":"product_tag-kvalitet-zolpidem-10mg-tablet-uden-recept","19":"product_tag-kvalitet-zolpidem-10mg-tablett-uten-resept","21":"first","22":"instock","23":"shipping-taxable","24":"purchasable","25":"product-type-variable"},"aioseo_notices":[],"jetpack-related-posts":[{"id":238,"url":"https:\/\/amphetaminapotek.com\/index.php\/product\/ritalin-10mg-20mg-30mg-40mg\/","url_meta":{"origin":244,"position":0},"title":"K\u00f6p Ritalin p\u00e5 n\u00e4tet utan recept","author":"kris","date":"","format":false,"excerpt":"best\u00e4lla Ritalin tablet \/ K\u00f6p Ritalin (metylfenidat) 10mg Online K\u00f6p Ritalin p\u00e5 n\u00e4tet utan recept och Hemleverans av Ritalin tablett 10 mg hos Apoteket \u2013 Fraktfria alternativ och bra erbjudanden \u00a0 K\u00f6p Ritalin online i Sverige | Ritalin till salu i Sverige | Ritalin Skick:\u00a0Ny produkt Ritalin (metylfenidat) 10 mg\u2026","rel":"","context":"Liknande inl\u00e4gg","block_context":{"text":"Liknande inl\u00e4gg","link":""},"img":{"alt_text":"","src":"https:\/\/i0.wp.com\/amphetaminapotek.com\/wp-content\/uploads\/2023\/04\/medicijn_2.jpg?resize=350%2C200&ssl=1","width":350,"height":200,"srcset":"https:\/\/i0.wp.com\/amphetaminapotek.com\/wp-content\/uploads\/2023\/04\/medicijn_2.jpg?resize=350%2C200&ssl=1 1x, https:\/\/i0.wp.com\/amphetaminapotek.com\/wp-content\/uploads\/2023\/04\/medicijn_2.jpg?resize=525%2C300&ssl=1 1.5x, https:\/\/i0.wp.com\/amphetaminapotek.com\/wp-content\/uploads\/2023\/04\/medicijn_2.jpg?resize=700%2C400&ssl=1 2x"},"classes":[]},{"id":374,"url":"https:\/\/amphetaminapotek.com\/index.php\/product\/oxikodon-30mg-80mg\/","url_meta":{"origin":244,"position":1},"title":"k\u00f6pa oxycodon i sverige","author":"kris","date":"","format":false,"excerpt":"Oxykodon \u00e4r en opioid sm\u00e4rtstillande medicin kallas ibland narkotiska. Oxykodon anv\u00e4nds f\u00f6r att behandla m\u00e5ttlig till sv\u00e5r sm\u00e4rta.","rel":"","context":"Liknande inl\u00e4gg","block_context":{"text":"Liknande inl\u00e4gg","link":""},"img":{"alt_text":"k\u00f6pa oxycodon i sverige","src":"https:\/\/i0.wp.com\/amphetaminapotek.com\/wp-content\/uploads\/2023\/04\/NORDICAPOTEK-OX.jpg?resize=350%2C200&ssl=1","width":350,"height":200,"srcset":"https:\/\/i0.wp.com\/amphetaminapotek.com\/wp-content\/uploads\/2023\/04\/NORDICAPOTEK-OX.jpg?resize=350%2C200&ssl=1 1x, https:\/\/i0.wp.com\/amphetaminapotek.com\/wp-content\/uploads\/2023\/04\/NORDICAPOTEK-OX.jpg?resize=525%2C300&ssl=1 1.5x, https:\/\/i0.wp.com\/amphetaminapotek.com\/wp-content\/uploads\/2023\/04\/NORDICAPOTEK-OX.jpg?resize=700%2C400&ssl=1 2x"},"classes":[]},{"id":255,"url":"https:\/\/amphetaminapotek.com\/index.php\/product\/zopiklon\/","url_meta":{"origin":244,"position":2},"title":"k\u00f6p zopiklon i Sverige","author":"kris","date":"","format":false,"excerpt":"k\u00f6p zopiklon i Sverige utan recept och f\u00e5 mycket h\u00f6ga rabatter klicka h\u00e4r 1. Vad Zopiclone \u00e4r och vad det anv\u00e4nds f\u00f6r Zopiclone Tablets \u00e4r bensodiazepin-liknande hypnotika, som fungerar genom att agera p\u00e5 hj\u00e4rnan till orsaka s\u00f6mnighet. De kan anv\u00e4ndas f\u00f6r kortvarig behandling av s\u00f6mnst\u00f6rningar vilket \u00e4r sv\u00e5r, invalidiserande eller\u2026","rel":"","context":"Liknande inl\u00e4gg","block_context":{"text":"Liknande inl\u00e4gg","link":""},"img":{"alt_text":"k\u00f6p zopiklon i sverige\u00a0","src":"https:\/\/i0.wp.com\/amphetaminapotek.com\/wp-content\/uploads\/2023\/04\/ob_ab3418_zops.jpg?resize=350%2C200&ssl=1","width":350,"height":200,"srcset":"https:\/\/i0.wp.com\/amphetaminapotek.com\/wp-content\/uploads\/2023\/04\/ob_ab3418_zops.jpg?resize=350%2C200&ssl=1 1x, https:\/\/i0.wp.com\/amphetaminapotek.com\/wp-content\/uploads\/2023\/04\/ob_ab3418_zops.jpg?resize=525%2C300&ssl=1 1.5x, https:\/\/i0.wp.com\/amphetaminapotek.com\/wp-content\/uploads\/2023\/04\/ob_ab3418_zops.jpg?resize=700%2C400&ssl=1 2x"},"classes":[]},{"id":388,"url":"https:\/\/amphetaminapotek.com\/index.php\/product\/dolcontin\/","url_meta":{"origin":244,"position":3},"title":"K\u00f6p\u00a0 Dolcontin 100 mg i sverige online utan recept","author":"kris","date":"","format":false,"excerpt":"Dolcontin \u00e4r en opioid sm\u00e4rtstillande medicin. En opioid kallas ibland narkotisk. Dolcontin anv\u00e4nds f\u00f6r att behandla m\u00e5ttlig till sv\u00e5r sm\u00e4rta. Kortverkande Dolcontin tas vid behov f\u00f6r sm\u00e4rta. F\u00f6rdr\u00f6jd fris\u00e4ttningsform av detta l\u00e4kemedel \u00e4r f\u00f6r behandling av sm\u00e4rta dygnet runt. Denna form av Dolcontin \u00e4r inte till f\u00f6rfogande p\u00e5 grund av\u2026","rel":"","context":"Liknande inl\u00e4gg","block_context":{"text":"Liknande inl\u00e4gg","link":""},"img":{"alt_text":"","src":"https:\/\/i0.wp.com\/amphetaminapotek.com\/wp-content\/uploads\/2023\/04\/ob_c31437_dolcontin-100mg.jpg?resize=350%2C200&ssl=1","width":350,"height":200,"srcset":"https:\/\/i0.wp.com\/amphetaminapotek.com\/wp-content\/uploads\/2023\/04\/ob_c31437_dolcontin-100mg.jpg?resize=350%2C200&ssl=1 1x, https:\/\/i0.wp.com\/amphetaminapotek.com\/wp-content\/uploads\/2023\/04\/ob_c31437_dolcontin-100mg.jpg?resize=525%2C300&ssl=1 1.5x, https:\/\/i0.wp.com\/amphetaminapotek.com\/wp-content\/uploads\/2023\/04\/ob_c31437_dolcontin-100mg.jpg?resize=700%2C400&ssl=1 2x"},"classes":[]},{"id":381,"url":"https:\/\/amphetaminapotek.com\/index.php\/product\/adderall\/","url_meta":{"origin":244,"position":4},"title":"K\u00f6p Adderall 30mg utan recept","author":"kris","date":"","format":false,"excerpt":"Adderall inneh\u00e5ller en kombination av amfetamin och dextroamphetamin. Amfetamin och dextroamphetamin \u00e4r stimulansmedel i centrala nervsystemet som p\u00e5verkar kemikalier i hj\u00e4rnan och nerver som bidrar till hyperaktivitet och impulskontroll.","rel":"","context":"Med 1 kommentar","block_context":{"text":"Med 1 kommentar","link":"https:\/\/amphetaminapotek.com\/index.php\/product\/adderall\/#comments"},"img":{"alt_text":"K\u00f6p Adderall 30mg utan recept","src":"https:\/\/i0.wp.com\/amphetaminapotek.com\/wp-content\/uploads\/2023\/04\/ob_40919b_adderall-3-jpgk.jpeg?resize=350%2C200&ssl=1","width":350,"height":200,"srcset":"https:\/\/i0.wp.com\/amphetaminapotek.com\/wp-content\/uploads\/2023\/04\/ob_40919b_adderall-3-jpgk.jpeg?resize=350%2C200&ssl=1 1x, https:\/\/i0.wp.com\/amphetaminapotek.com\/wp-content\/uploads\/2023\/04\/ob_40919b_adderall-3-jpgk.jpeg?resize=525%2C300&ssl=1 1.5x, https:\/\/i0.wp.com\/amphetaminapotek.com\/wp-content\/uploads\/2023\/04\/ob_40919b_adderall-3-jpgk.jpeg?resize=700%2C400&ssl=1 2x, https:\/\/i0.wp.com\/amphetaminapotek.com\/wp-content\/uploads\/2023\/04\/ob_40919b_adderall-3-jpgk.jpeg?resize=1050%2C600&ssl=1 3x"},"classes":[]},{"id":253,"url":"https:\/\/amphetaminapotek.com\/index.php\/product\/soma-350-mg\/","url_meta":{"origin":244,"position":5},"title":"k\u00f6p Soma i sverige online utan recept","author":"kris","date":"","format":false,"excerpt":"Aspirin en sm\u00e4rtstillande och feberreducerare, i en grupp l\u00e4kemedel som kallas salicylater. Aspirin fungerar genom att minska substanser i kroppen som orsakar sm\u00e4rta och inflammation. Carisoprodol \u00e4r en muskelavslappnande medel. Det fungerar genom att blockera nervimpulser (eller sm\u00e4rtintegrationer) som skickas till hj\u00e4rnan. Soma Compound \u00e4r ett kombinationsl\u00e4kemedel som anv\u00e4nds p\u00e5\u2026","rel":"","context":"Liknande inl\u00e4gg","block_context":{"text":"Liknande inl\u00e4gg","link":""},"img":{"alt_text":"k\u00f6p Soma i sverige online utan recept","src":"https:\/\/i0.wp.com\/amphetaminapotek.com\/wp-content\/uploads\/2023\/04\/dsc_0612-scaled-1.jpg?resize=350%2C200&ssl=1","width":350,"height":200,"srcset":"https:\/\/i0.wp.com\/amphetaminapotek.com\/wp-content\/uploads\/2023\/04\/dsc_0612-scaled-1.jpg?resize=350%2C200&ssl=1 1x, https:\/\/i0.wp.com\/amphetaminapotek.com\/wp-content\/uploads\/2023\/04\/dsc_0612-scaled-1.jpg?resize=525%2C300&ssl=1 1.5x, https:\/\/i0.wp.com\/amphetaminapotek.com\/wp-content\/uploads\/2023\/04\/dsc_0612-scaled-1.jpg?resize=700%2C400&ssl=1 2x, https:\/\/i0.wp.com\/amphetaminapotek.com\/wp-content\/uploads\/2023\/04\/dsc_0612-scaled-1.jpg?resize=1050%2C600&ssl=1 3x, https:\/\/i0.wp.com\/amphetaminapotek.com\/wp-content\/uploads\/2023\/04\/dsc_0612-scaled-1.jpg?resize=1400%2C800&ssl=1 4x"},"classes":[]}],"jetpack_sharing_enabled":true,"_links":{"self":[{"href":"https:\/\/amphetaminapotek.com\/index.php\/wp-json\/wp\/v2\/product\/244","targetHints":{"allow":["GET"]}}],"collection":[{"href":"https:\/\/amphetaminapotek.com\/index.php\/wp-json\/wp\/v2\/product"}],"about":[{"href":"https:\/\/amphetaminapotek.com\/index.php\/wp-json\/wp\/v2\/types\/product"}],"replies":[{"embeddable":true,"href":"https:\/\/amphetaminapotek.com\/index.php\/wp-json\/wp\/v2\/comments?post=244"}],"wp:featuredmedia":[{"embeddable":true,"href":"https:\/\/amphetaminapotek.com\/index.php\/wp-json\/wp\/v2\/media\/274"}],"wp:attachment":[{"href":"https:\/\/amphetaminapotek.com\/index.php\/wp-json\/wp\/v2\/media?parent=244"}],"wp:term":[{"taxonomy":"product_brand","embeddable":true,"href":"https:\/\/amphetaminapotek.com\/index.php\/wp-json\/wp\/v2\/product_brand?post=244"},{"taxonomy":"product_cat","embeddable":true,"href":"https:\/\/amphetaminapotek.com\/index.php\/wp-json\/wp\/v2\/product_cat?post=244"},{"taxonomy":"product_tag","embeddable":true,"href":"https:\/\/amphetaminapotek.com\/index.php\/wp-json\/wp\/v2\/product_tag?post=244"}],"curies":[{"name":"wp","href":"https:\/\/api.w.org\/{rel}","templated":true}]}}