{"id":250,"date":"2023-04-08T02:41:16","date_gmt":"2023-04-08T00:41:16","guid":{"rendered":"https:\/\/amphetaminapotek.com\/?post_type=product&#038;p=250"},"modified":"2025-02-20T06:29:14","modified_gmt":"2025-02-20T05:29:14","slug":"sobril","status":"publish","type":"product","link":"https:\/\/amphetaminapotek.com\/index.php\/product\/sobril\/","title":{"rendered":"K\u00f6p Sobril 5 mg I Sverige"},"content":{"rendered":"<h1>K\u00f6p Sobril 5 mg I Sverige<\/h1>\n<p><a href=\"https:\/\/amphetaminapotek.com\/index.php\/product\/sobril\/\">K\u00f6p Sobril 5 mg<\/a> tabletter \u00e4r endast indicerade f\u00f6r kortvarig lindring (2-4 veckor) av \u00e5ngest som \u00e4r allvarlig, invalidiserande eller uts\u00e4tter individen f\u00f6r oacceptabelt lidande, som uppst\u00e5r ensamt eller i samband med s\u00f6mnl\u00f6shet eller kortvarig psykosomatisk, organisk eller psykotisk sjukdom. Anv\u00e4ndningen av\u00a0<a href=\"https:\/\/amphetaminapotek.com\">Sobril<\/a>\u00a0f\u00f6r att behandla kortvarig \u201dlindrig\u201d \u00e5ngest anses vara ol\u00e4mplig och ol\u00e4mplig.<\/p>\n<h2>varningar och f\u00f6rsiktighets\u00e5tg\u00e4rder | Sobril Receptfritt<\/h2>\n<p><strong><u>Tolerans<\/u><\/strong><\/p>\n<p>Viss f\u00f6rlust av effektivitet till de hypnotiska effekterna av bensodiazepiner kan utvecklas efter upprepad anv\u00e4ndning under n\u00e5gra veckor.<\/p>\n<p><u>Beroende<\/u><\/p>\n<div>Anv\u00e4ndning av bensodiazepiner kan leda till utveckling av fysiskt och psykiskt beroende av dessa\u00a0<a href=\"http:\/\/apotekhjartat.se\/\" target=\"_blank\" rel=\"noopener\">produkter<\/a>. Risken f\u00f6r beroende \u00f6kar med dosen och behandlingens varaktighet; det \u00e4r ocks\u00e5 st\u00f6rre hos patienter med en historia av alkohol- eller drogmissbruk. Bensodiazepiner b\u00f6r d\u00e4rf\u00f6r anv\u00e4ndas med yttersta f\u00f6rsiktighet till patienter med en historia av alkohol- eller drogmissbruk.<\/div>\n<div><\/div>\n<div>N\u00e4r ett fysiskt beroende v\u00e4l har utvecklats, kan pl\u00f6tsligt avbrytande av bensodiazepiner vara f\u00f6renat med fysiologiska och psykologiska abstinenssymptom inklusive extrem \u00e5ngest, huvudv\u00e4rk, muskelsm\u00e4rta, s\u00f6mnl\u00f6shet, sp\u00e4nningar, rastl\u00f6shet, f\u00f6rvirring och irritabilitet. I sv\u00e5ra fall kan f\u00f6ljande symtom uppst\u00e5: derealisation, depersonalisering, hyperakusis, domningar och stickningar i extremiteterna, \u00f6verk\u00e4nslighet mot ljus, buller och fysisk kontakt, hallucinationer eller epileptiska anfall.<\/div>\n<div><\/div>\n<div>Rebound s\u00f6mnl\u00f6shet och \u00e5ngest: ett \u00f6verg\u00e5ende syndrom d\u00e4r symtomen som ledde till behandling med ett bensodiazepin \u00e5terkommer i f\u00f6rst\u00e4rkt form kan uppst\u00e5 vid uts\u00e4ttande av behandlingen. Det kan \u00e5tf\u00f6ljas av andra reaktioner inklusive hum\u00f6rf\u00f6r\u00e4ndringar, \u00e5ngest eller s\u00f6mnst\u00f6rningar och rastl\u00f6shet. Eftersom risken f\u00f6r abstinensfenomen\/reboundfenomen \u00e4r st\u00f6rre efter abrupt avbrytande av behandlingen, rekommenderas att dosen minskas gradvis.<\/div>\n<p><u>Behandlingens varaktighet<\/u><\/p>\n<p>&lt;)beroende p\u00e5 indikation, men b\u00f6r inte \u00f6verstiga 4 veckor f\u00f6r s\u00f6mnl\u00f6shet och \u00e5tta till tolv veckor vid \u00e5ngest, inklusive en avtrappningsprocess. F\u00f6rl\u00e4ngning ut\u00f6ver dessa perioder b\u00f6r inte ske utan ompr\u00f6vning av situationen.<\/p>\n<div>Det kan vara anv\u00e4ndbart att informera patienten n\u00e4r behandlingen p\u00e5b\u00f6rjas att den kommer att vara av begr\u00e4nsad varaktighet och f\u00f6rklara exakt hur dosen gradvis kommer att minskas. Dessutom \u00e4r det viktigt att patienten \u00e4r medveten om m\u00f6jligheten av rebound-fenomen, f\u00f6r att d\u00e4rigenom minimera oro \u00f6ver s\u00e5dana symtom om de skulle uppst\u00e5 medan l\u00e4kemedlet s\u00e4tts ut.<\/div>\n<div><\/div>\n<div>Det finns indikationer p\u00e5 att abstinensfenomen kan uppst\u00e5 inom dosintervallet, s\u00e4rskilt n\u00e4r dosen \u00e4r h\u00f6g, n\u00e4r det g\u00e4ller bensodiazepiner med kort verkan.<\/div>\n<div><\/div>\n<div>N\u00e4r bensodiazepiner med l\u00e5ng varaktighet anv\u00e4nds \u00e4r det viktigt att varna f\u00f6r att byta till ett bensodiazepin med kort verkan, eftersom abstinenssymtom kan utvecklas.<\/div>\n<p><u>Psykiatrisk och paradoxal reaktion<\/u><\/p>\n<p>Reaktioner som rastl\u00f6shet, agitation, irritabilitet, aggressivitet, vanf\u00f6rest\u00e4llningar, raseri, mardr\u00f6mmar, hallucinationer, psykoser, ol\u00e4mpligt beteende och andra negativa beteendeeffekter \u00e4r k\u00e4nda f\u00f6r att uppst\u00e5 vid anv\u00e4ndning av bensodiazepiner. Om detta intr\u00e4ffar ska anv\u00e4ndningen av l\u00e4kemedlet avbrytas. De \u00e4r mer ben\u00e4gna att f\u00f6rekomma hos barn och \u00e4ldre.<\/p>\n<p><u>Amnesi<\/u><\/p>\n<p>Bensodiazepiner kan inducera anterograd amnesi. Tillst\u00e5ndet uppst\u00e5r oftast flera timmar efter intag av produkten och d\u00e4rf\u00f6r b\u00f6r f\u00f6r att minska risken f\u00f6r patienter se till att de kommer att kunna ha en oavbruten s\u00f6mn p\u00e5 7-8 timmar.<\/p>\n<p><u>Specifika patientgrupper<\/u><\/p>\n<div>Bensodiazepiner ska inte anv\u00e4ndas ensamma f\u00f6r att behandla depression eller \u00e5ngest i samband med depression.<\/div>\n<div><\/div>\n<div><a href=\"https:\/\/amphetaminapotek.com\/index.php\/product\/sobril\/\">Bensodiazepiner<\/a> rekommenderas inte f\u00f6r prim\u00e4r behandling av psykotisk sjukdom eller uttalad personlighetsst\u00f6rning. Sj\u00e4lvmord kan utl\u00f6sas hos patienter som \u00e4r deprimerade och aggressivt beteende mot sig sj\u00e4lv och andra kan utl\u00f6sas.<\/div>\n<div><\/div>\n<div>En l\u00e4gre dos rekommenderas f\u00f6r patienter med kronisk andningsinsufficiens p\u00e5 grund av risken f\u00f6r andningsdepression.<\/div>\n<div><\/div>\n<div>Bensodiazepiner \u00e4r inte indicerade f\u00f6r behandling av patienter med allvarlig leverinsufficiens eftersom de kan utl\u00f6sa encefalopati, nedsatt njurfunktion, muskelsvaghet eller porfyri.<\/div>\n<div><\/div>\n<div>Bensodiazepiner ska inte ges till barn utan noggrann bed\u00f6mning av behovet av att g\u00f6ra det; behandlingstiden m\u00e5ste h\u00e5llas till ett minimum.<\/div>\n<div><\/div>\n<div>\u00c4ldre ska ges en reducerad\u00a0dos.<\/div>\n<div><\/div>\n<div>Patienter med s\u00e4llsynta \u00e4rftliga problem med galaktosintolerans, total laktasbrist eller glukos-galaktosmalabsorption b\u00f6r inte ta detta l\u00e4kemedel.<\/div>\n<h3 class=\"css-a5m6co-text css-p8ym46-fontFamily css-11397xj-fontSize css-15qzf5r-display css-7bji7i-wordBreak\"><span class=\"\">Sobril 10 mg Biverkningar<\/span><\/h3>\n<p><b>St\u00f6rningar i blodet och lymfsystemet<\/b><\/p>\n<p>Bloddyskrasier, leukopeni.<\/p>\n<p><b>Psykiatriska st\u00f6rningar<\/b><\/p>\n<div>Mild d\u00e5sighet, desorientering, dr\u00f6mmar, mardr\u00f6mmar, letargi, minnesf\u00f6rlust (se nedan), milda excitatoriska effekter med stimulering av affekt, bed\u00f6vade k\u00e4nslor, minskad vakenhet, rastl\u00f6shet, agitation, irritabilitet, vanf\u00f6rest\u00e4llningar, raseri, psykoser, ol\u00e4mpligt beteende, beteendebiverkningar inklusive paradoxala aggressiva utbrott, sp\u00e4nning, hallucinationer, f\u00f6rvirring, avsl\u00f6jande av depression med suicidben\u00e4genhet.<\/div>\n<div><\/div>\n<div>Dessa \u00e4r mer ben\u00e4gna att f\u00f6rekomma hos barn och \u00e4ldre.<\/div>\n<p><strong>St\u00f6rningar i nervsystemet<\/strong><\/p>\n<div>Yrsel, yrsel, ataxi, svindel, huvudv\u00e4rk, synkope, sluddrigt tal, tremor, dysartri.<\/div>\n<div><\/div>\n<div>\u00d6gonbesv\u00e4r<\/div>\n<div><\/div>\n<div>Suddig syn, dubbelseende.<\/div>\n<div><\/div>\n<div>Vaskul\u00e4ra st\u00f6rningar<\/div>\n<div><\/div>\n<div>Hypotoni.<\/div>\n<div><\/div>\n<div>Gastrointestinala st\u00f6rningar<\/div>\n<div><\/div>\n<div>Illam\u00e5ende, salivf\u00f6r\u00e4ndringar, gastrointestinala st\u00f6rningar.<\/div>\n<div><\/div>\n<div>Lever och gallv\u00e4gar<\/div>\n<div><\/div>\n<div>\u00d6kade leverenzymer, gulsot.<\/div>\n<div><\/div>\n<div>Hud och subkutan v\u00e4vnad<\/div>\n<div><\/div>\n<div>Mindre diffusa hudutslag (morbilliforma, urtikariella och makropapul\u00e4ra).<\/div>\n<div><\/div>\n<div>Muskuloskeletala och bindv\u00e4vssjukdomar<\/div>\n<div><\/div>\n<div>Muskelsvaghet.<\/div>\n<div><\/div>\n<div>Njur- och urinv\u00e4gsst\u00f6rningar<\/div>\n<div><\/div>\n<div>Inkontinens, urinretention.<\/div>\n<div><\/div>\n<div>Reproduktionssystemet och br\u00f6stst\u00f6rningar<\/div>\n<div><\/div>\n<div>F\u00f6r\u00e4ndrad libido.<\/div>\n<div><\/div>\n<div>Allm\u00e4nna symtom och tillst\u00e5nd vid administreringsst\u00e4llet<\/div>\n<div><\/div>\n<div>Feber, \u00f6dem, tr\u00f6tthet.<\/div>\n<div><\/div>\n<div>* Ses vanligtvis under de f\u00f6rsta dagarna av behandlingen. Om detta blir besv\u00e4rligt b\u00f6r dosen minskas.<\/div>\n<div><\/div>\n<div>** Rapporteras hos psykiatriska patienter och intr\u00e4ffar vanligtvis inom de f\u00f6rsta veckorna av behandlingen.<\/div>\n<div><\/div>\n<div>*** Extrem f\u00f6rsiktighet b\u00f6r d\u00e4rf\u00f6r iakttas vid f\u00f6rskrivning av bensodiazepiner till patienter med personlighetsst\u00f6rningar.<\/div>\n<div><\/div>\n<div>Amnesi<\/div>\n<div><\/div>\n<div>Anterograd amnesi kan uppst\u00e5 vid terapeutiska doser, risken \u00f6kar vid h\u00f6gre doser.<\/div>\n<div><\/div>\n<div>Amnestiska effekter kan vara f\u00f6rknippade med ol\u00e4mpligt beteende.<\/div>\n<div><\/div>\n<div>Beroende<\/div>\n<div><\/div>\n<div>N\u00e4r det anv\u00e4nds i l\u00e4mplig rekommenderad dos f\u00f6r korttidsbehandling av \u00e5ngest \u00e4r beroendepotentialen f\u00f6r Sobril l\u00e5g. Risken f\u00f6r beroende \u00f6kar dock med h\u00f6gre doser och l\u00e5ngvarig anv\u00e4ndning och \u00f6kar ytterligare hos patienter med en historia av alkoholism, drogmissbruk eller hos patienter med uttalade personlighetsst\u00f6rningar.<\/div>\n<div><\/div>\n<div>Uttag<\/div>\n<div><\/div>\n<div>Symtom som \u00e5ngest, depression, huvudv\u00e4rk, s\u00f6mnl\u00f6shet, sp\u00e4nningar och svettning har rapporterats efter abrupt uts\u00e4ttning av bensodiazepiner och dessa symtom kan vara sv\u00e5ra att skilja fr\u00e5n de ursprungliga \u00e5ngestsymtomen. Andra symtom som depression, ih\u00e5llande tinnitus, ofrivilliga r\u00f6relser, parestesi, perceptuella f\u00f6r\u00e4ndringar, f\u00f6rvirring, kramper, mag- och muskelkramper och kr\u00e4kningar kan vara karakteristiska f\u00f6r bensodiazepinabstinenssyndrom.<\/div>\n<h3><a href=\"https:\/\/amphetaminapotek.com\/index.php\/product\/sobril\/\">Tradolan<\/a><\/h3>\n","protected":false},"excerpt":{"rendered":"<p>Oxazepam \u00e4r en kort-till-mellanverkande bensodiazepin. Oxazepam anv\u00e4nds f\u00f6r behandling av \u00e5ngest och s\u00f6mnl\u00f6shet och vid kontroll av symptom p\u00e5 alkoholavdragssyndrom.<\/p>\n","protected":false},"featured_media":280,"comment_status":"closed","ping_status":"closed","template":"","meta":{"_monsterinsights_skip_tracking":false,"_monsterinsights_sitenote_active":false,"_monsterinsights_sitenote_note":"","_monsterinsights_sitenote_category":0,"_uf_show_specific_survey":0,"_uf_disable_surveys":false,"neve_meta_sidebar":"","neve_meta_container":"","neve_meta_enable_content_width":"off","neve_meta_content_width":100,"neve_meta_title_alignment":"","neve_meta_author_avatar":"","neve_post_elements_order":"","neve_meta_disable_header":"","neve_meta_disable_footer":"","neve_meta_disable_title":"","_themeisle_gutenberg_block_has_review":false},"product_brand":[],"product_cat":[29,42,43],"product_tag":[291,292,293,294,295,296,297,298,299,300,301,302,303,304,305,306,307,308,309,310,311,312,313,314,315,316,317,318,319,320,321,322,323,324,325,326,327,328,329,330,331,332,333,334,335,336,337,338,339,340,341,342],"class_list":{"0":"post-250","1":"product","2":"type-product","3":"status-publish","4":"has-post-thumbnail","6":"product_cat-depression","7":"product_cat-smartlindring","8":"product_cat-somntabletter","9":"product_tag-bestall-sobril-med-btcoin","10":"product_tag-bestall-sobril-online","11":"product_tag-bestall-sobril-utan-recept","12":"product_tag-bestalla-sobril-diskret","13":"product_tag-bestil-sobril-diskret","14":"product_tag-bestil-sobril-med-btcoin","15":"product_tag-bestil-sobril-online","16":"product_tag-bestil-sobril-uden-recept","17":"product_tag-bestill-sobril-diskret","18":"product_tag-bestill-sobril-med-btcoin","19":"product_tag-bestill-sobril-online","20":"product_tag-bestill-sobril-uten-resept","21":"product_tag-betala-for-sobril-med-masterkort-i-sverige","22":"product_tag-betale-for-sobril-med-masterkort-i-sverige","23":"product_tag-billig-sobril-i-dag","24":"product_tag-billig-sobril-idag","25":"product_tag-fyld-sobril-i-sverige","26":"product_tag-fyll-sobril-i-sverige","27":"product_tag-hur-man-koper-kvalitets-sobril-i-norge","28":"product_tag-hur-man-koper-sobril-i-stockholm","29":"product_tag-hurtig-levering-sobril","30":"product_tag-hvordan-kjope-kvalitets-sobril-i-norge","31":"product_tag-hvordan-kjope-sobril-i-stockholm","32":"product_tag-hvordan-man-kober-sobril-i-norge","33":"product_tag-hvordan-man-kober-sobril-i-stockholm","34":"product_tag-kan-jag-fa-sobril-utan-recept-fran-norge","35":"product_tag-kan-jeg-fa-sobril-uden-recept-fra-norge","36":"product_tag-kan-jeg-fa-sobril-uten-resept-fra-norge","37":"product_tag-kjop-sobril-i-hemmelighet","38":"product_tag-kjop-sobril-pa-darkweb","39":"product_tag-kjop-sobril-uten-resept","40":"product_tag-kjope-sobril-resept","41":"product_tag-kob-sobril-i-hemmelighed","42":"product_tag-kob-sobril-pa-darkweb","43":"product_tag-kob-sobril-recept","44":"product_tag-kob-sobril-uden-recept","45":"product_tag-kop-sobril-hemligt","46":"product_tag-kop-sobril-pa-darkweb","47":"product_tag-kop-sobril-recept","48":"product_tag-kop-sobril-utan-recept","49":"product_tag-kvalitet-sobril","50":"product_tag-kvalitet-sobril-piller-utan-recept","51":"product_tag-kvalitet-sobril-utan-recept","52":"product_tag-rask-levering-sobril","53":"product_tag-ren-sobril-med-kreditkort","54":"product_tag-ren-sobril-med-kredittkort","55":"product_tag-snabb-leverans-sobril","56":"product_tag-sobril-10mg","57":"product_tag-sobril-15mg","58":"product_tag-sobril-25mg","59":"product_tag-sobril-50mg","60":"product_tag-sobril-i-danmark","62":"first","63":"instock","64":"shipping-taxable","65":"purchasable","66":"product-type-variable"},"aioseo_notices":[],"jetpack-related-posts":[{"id":387,"url":"https:\/\/amphetaminapotek.com\/index.php\/product\/ksalol\/","url_meta":{"origin":250,"position":0},"title":"ksalol","author":"kris","date":"","format":false,"excerpt":"Alprazolam, som s\u00e4ljs under varum\u00e4rket Xanax bland annat, \u00e4r en kortverkande bensodiazepin. Det anv\u00e4nds mest vid kortvarig hantering av \u00e5ngestsjukdomar, s\u00e4rskilt panikst\u00f6rning eller generaliserad \u00e5ngestsyndrom (GAD). Andra anv\u00e4ndningsomr\u00e5den inkluderar kemoterapiinducerad illam\u00e5ende, tillsammans med andra behandlingar. GAD f\u00f6rb\u00e4ttring sker generellt inom en vecka. Alprazolam \u00e4r tillg\u00e4ngligt via munnen","rel":"","context":"Liknande inl\u00e4gg","block_context":{"text":"Liknande inl\u00e4gg","link":""},"img":{"alt_text":"k\u00f6p Ksalol utan recept","src":"https:\/\/i0.wp.com\/amphetaminapotek.com\/wp-content\/uploads\/2023\/04\/ranac-sa-tabletama.jpg?resize=350%2C200&ssl=1","width":350,"height":200,"srcset":"https:\/\/i0.wp.com\/amphetaminapotek.com\/wp-content\/uploads\/2023\/04\/ranac-sa-tabletama.jpg?resize=350%2C200&ssl=1 1x, https:\/\/i0.wp.com\/amphetaminapotek.com\/wp-content\/uploads\/2023\/04\/ranac-sa-tabletama.jpg?resize=525%2C300&ssl=1 1.5x, https:\/\/i0.wp.com\/amphetaminapotek.com\/wp-content\/uploads\/2023\/04\/ranac-sa-tabletama.jpg?resize=700%2C400&ssl=1 2x"},"classes":[]},{"id":247,"url":"https:\/\/amphetaminapotek.com\/index.php\/product\/rohypnol\/","url_meta":{"origin":250,"position":1},"title":"K\u00f6p rohypnol online","author":"kris","date":"","format":false,"excerpt":"Rohypnol \u00e4r en mellanverkande bensodiazepin med allm\u00e4nna egenskaper som liknar Valium (diazepam). Det anv\u00e4nds vid kortvarig behandling av s\u00f6mnl\u00f6shet, som f\u00f6rbehandling i kirurgiska ingrepp och f\u00f6r att framkalla anestesi.","rel":"","context":"Liknande inl\u00e4gg","block_context":{"text":"Liknande inl\u00e4gg","link":""},"img":{"alt_text":"K\u00f6p rohypnol online","src":"https:\/\/i0.wp.com\/amphetaminapotek.com\/wp-content\/uploads\/2023\/04\/rohyp.jpg?resize=350%2C200&ssl=1","width":350,"height":200},"classes":[]},{"id":255,"url":"https:\/\/amphetaminapotek.com\/index.php\/product\/zopiklon\/","url_meta":{"origin":250,"position":2},"title":"k\u00f6p zopiklon i Sverige","author":"kris","date":"","format":false,"excerpt":"k\u00f6p zopiklon i Sverige utan recept och f\u00e5 mycket h\u00f6ga rabatter klicka h\u00e4r 1. Vad Zopiclone \u00e4r och vad det anv\u00e4nds f\u00f6r Zopiclone Tablets \u00e4r bensodiazepin-liknande hypnotika, som fungerar genom att agera p\u00e5 hj\u00e4rnan till orsaka s\u00f6mnighet. De kan anv\u00e4ndas f\u00f6r kortvarig behandling av s\u00f6mnst\u00f6rningar vilket \u00e4r sv\u00e5r, invalidiserande eller\u2026","rel":"","context":"Liknande inl\u00e4gg","block_context":{"text":"Liknande inl\u00e4gg","link":""},"img":{"alt_text":"k\u00f6p zopiklon i sverige\u00a0","src":"https:\/\/i0.wp.com\/amphetaminapotek.com\/wp-content\/uploads\/2023\/04\/ob_ab3418_zops.jpg?resize=350%2C200&ssl=1","width":350,"height":200,"srcset":"https:\/\/i0.wp.com\/amphetaminapotek.com\/wp-content\/uploads\/2023\/04\/ob_ab3418_zops.jpg?resize=350%2C200&ssl=1 1x, https:\/\/i0.wp.com\/amphetaminapotek.com\/wp-content\/uploads\/2023\/04\/ob_ab3418_zops.jpg?resize=525%2C300&ssl=1 1.5x, https:\/\/i0.wp.com\/amphetaminapotek.com\/wp-content\/uploads\/2023\/04\/ob_ab3418_zops.jpg?resize=700%2C400&ssl=1 2x"},"classes":[]},{"id":372,"url":"https:\/\/amphetaminapotek.com\/index.php\/product\/oxynorm-5mg10mg20mg\/","url_meta":{"origin":250,"position":3},"title":"K\u00f6p Oxynorm I Sverige","author":"kris","date":"","format":false,"excerpt":"OxyNorm 5, 10, 20 mg Bipacksedel: Information till anv\u00e4ndaren OxyNorm\u00ae 5 mg, 10 mg och 20 mg kapslar Oxykodonhydroklorid fr\u00e5n mundipharma","rel":"","context":"Liknande inl\u00e4gg","block_context":{"text":"Liknande inl\u00e4gg","link":""},"img":{"alt_text":"K\u00f6p Oxynorm I Sverige","src":"https:\/\/i0.wp.com\/amphetaminapotek.com\/wp-content\/uploads\/2023\/04\/narco-medic-oxy.jpg?resize=350%2C200&ssl=1","width":350,"height":200,"srcset":"https:\/\/i0.wp.com\/amphetaminapotek.com\/wp-content\/uploads\/2023\/04\/narco-medic-oxy.jpg?resize=350%2C200&ssl=1 1x, https:\/\/i0.wp.com\/amphetaminapotek.com\/wp-content\/uploads\/2023\/04\/narco-medic-oxy.jpg?resize=525%2C300&ssl=1 1.5x, https:\/\/i0.wp.com\/amphetaminapotek.com\/wp-content\/uploads\/2023\/04\/narco-medic-oxy.jpg?resize=700%2C400&ssl=1 2x, https:\/\/i0.wp.com\/amphetaminapotek.com\/wp-content\/uploads\/2023\/04\/narco-medic-oxy.jpg?resize=1050%2C600&ssl=1 3x, https:\/\/i0.wp.com\/amphetaminapotek.com\/wp-content\/uploads\/2023\/04\/narco-medic-oxy.jpg?resize=1400%2C800&ssl=1 4x"},"classes":[]},{"id":240,"url":"https:\/\/amphetaminapotek.com\/index.php\/product\/diazepam-valium-10-mg\/","url_meta":{"origin":250,"position":4},"title":"K\u00f6p Diazepam 5mg Online","author":"kris","date":"","format":false,"excerpt":"Diazepam \u00e4r en bensodiazepin (ben-zoe-f\u00e4rg\u00e4mne-AZE-eh-peens). Det p\u00e5verkar kemikalier i hj\u00e4rnan som kan vara obalanserade hos personer med \u00e5ngest. Diazepam anv\u00e4nds f\u00f6r att behandla \u00e5ngestst\u00f6rningar, alkoholavdragssymtom eller muskelspasmer. Diazepam anv\u00e4nds ibland med andra l\u00e4kemedel f\u00f6r att behandla anfall.","rel":"","context":"Liknande inl\u00e4gg","block_context":{"text":"Liknande inl\u00e4gg","link":""},"img":{"alt_text":"K\u00f6p Diazepam 5mg Online","src":"https:\/\/i0.wp.com\/amphetaminapotek.com\/wp-content\/uploads\/2023\/04\/ob_966921_diazep.jpg?resize=350%2C200&ssl=1","width":350,"height":200,"srcset":"https:\/\/i0.wp.com\/amphetaminapotek.com\/wp-content\/uploads\/2023\/04\/ob_966921_diazep.jpg?resize=350%2C200&ssl=1 1x, https:\/\/i0.wp.com\/amphetaminapotek.com\/wp-content\/uploads\/2023\/04\/ob_966921_diazep.jpg?resize=525%2C300&ssl=1 1.5x, https:\/\/i0.wp.com\/amphetaminapotek.com\/wp-content\/uploads\/2023\/04\/ob_966921_diazep.jpg?resize=700%2C400&ssl=1 2x, https:\/\/i0.wp.com\/amphetaminapotek.com\/wp-content\/uploads\/2023\/04\/ob_966921_diazep.jpg?resize=1050%2C600&ssl=1 3x"},"classes":[]},{"id":390,"url":"https:\/\/amphetaminapotek.com\/index.php\/product\/viagra\/","url_meta":{"origin":250,"position":5},"title":"viagra","author":"kris","date":"","format":false,"excerpt":"Viagra (sildenafil) slappnar av muskler som finns i blodk\u00e4rlens v\u00e4ggar och \u00f6kar blodfl\u00f6det till vissa delar av kroppen. Viagra anv\u00e4nds f\u00f6r att behandla erektil dysfunktion (impotens) hos m\u00e4n. Ett annat m\u00e4rke av sildenafil \u00e4r Revatio, som anv\u00e4nds f\u00f6r att behandla pulmonell arteriell hypertension och f\u00f6rb\u00e4ttra tr\u00e4ningskapaciteten hos m\u00e4n och kvinnor.\u2026","rel":"","context":"Liknande inl\u00e4gg","block_context":{"text":"Liknande inl\u00e4gg","link":""},"img":{"alt_text":"","src":"","width":0,"height":0},"classes":[]}],"jetpack_sharing_enabled":true,"_links":{"self":[{"href":"https:\/\/amphetaminapotek.com\/index.php\/wp-json\/wp\/v2\/product\/250","targetHints":{"allow":["GET"]}}],"collection":[{"href":"https:\/\/amphetaminapotek.com\/index.php\/wp-json\/wp\/v2\/product"}],"about":[{"href":"https:\/\/amphetaminapotek.com\/index.php\/wp-json\/wp\/v2\/types\/product"}],"replies":[{"embeddable":true,"href":"https:\/\/amphetaminapotek.com\/index.php\/wp-json\/wp\/v2\/comments?post=250"}],"wp:featuredmedia":[{"embeddable":true,"href":"https:\/\/amphetaminapotek.com\/index.php\/wp-json\/wp\/v2\/media\/280"}],"wp:attachment":[{"href":"https:\/\/amphetaminapotek.com\/index.php\/wp-json\/wp\/v2\/media?parent=250"}],"wp:term":[{"taxonomy":"product_brand","embeddable":true,"href":"https:\/\/amphetaminapotek.com\/index.php\/wp-json\/wp\/v2\/product_brand?post=250"},{"taxonomy":"product_cat","embeddable":true,"href":"https:\/\/amphetaminapotek.com\/index.php\/wp-json\/wp\/v2\/product_cat?post=250"},{"taxonomy":"product_tag","embeddable":true,"href":"https:\/\/amphetaminapotek.com\/index.php\/wp-json\/wp\/v2\/product_tag?post=250"}],"curies":[{"name":"wp","href":"https:\/\/api.w.org\/{rel}","templated":true}]}}