{"id":373,"date":"2023-04-08T02:41:46","date_gmt":"2023-04-08T00:41:46","guid":{"rendered":"https:\/\/amphetaminapotek.com\/?post_type=product&#038;p=373"},"modified":"2025-05-26T06:29:13","modified_gmt":"2025-05-26T04:29:13","slug":"morfin-15mg30mg60mg","status":"publish","type":"product","link":"https:\/\/amphetaminapotek.com\/index.php\/product\/morfin-15mg30mg60mg\/","title":{"rendered":"k\u00f6pa morfin 30 mg i sverige utan recept"},"content":{"rendered":"<h1>k\u00f6pa <a href=\"https:\/\/amphetaminapotek.com\/index.php\/product\/morfin-15mg30mg60mg\/\">morfin<\/a> 30 mg i sverige utan recept<\/h1>\n<h3>K\u00f6p billigt morfin 15 mg, 30 mg, 60 mg online utan recept<\/h3>\n<p>du kan k\u00f6pa morfin 30 mg i sverige utan recept\u00a0till en mycket billig r\u00e4nta och f\u00e5 snabb leverans hem, genom \u00e5ren vi har studerat och f\u00f6ljt anv\u00e4ndare som framg\u00e5ngsrikt k\u00f6per morfin online utan recept.<br \/>\nVi ins\u00e5g att cirka 80% av dessa anv\u00e4ndare k\u00f6pte morfin online fr\u00e5n<\/p>\n<p>medan de andra 20% k\u00f6pte via e-postmeddelandet.<\/p>\n<div class=\"fR600b islir\"><a href=\"https:\/\/amphetaminapotek.com\/index.php\/product\/morfin-15mg30mg60mg\/\"><img decoding=\"async\" class=\"rg_i Q4LuWd alignnone\" src=\"https:\/\/encrypted-tbn0.gstatic.com\/images?q=tbn:ANd9GcQG2FVrVOy7eZbGQX01YnUM82TDDoJgBEIC2LelBOGWTAz4ow7I0lYYuCNa1ONusN5xQ_s&amp;usqp=CAU\" alt=\"k\u00f6pa morfin 30 mg i sverige utan recept\" width=\"218\" height=\"218\" data-noaft=\"1\" data-ilt=\"1715051163666\" \/><\/a><\/div>\n<div class=\" LkIdQb RMagM PPklbc\"><\/div>\n<div class=\"zbRPDe btTgYb cS4Vcb-pGL6qe-mji9Ze\" aria-hidden=\"true\"><\/div>\n<h2>Vad \u00e4r priset k\u00f6pa morfin 30 mg i sverige utan recept<\/h2>\n<p>Vi s\u00f6kte efter priser p\u00e5 k\u00f6pa morfin 30 mg i sverige utan recept och ins\u00e5g att vi p\u00e5 <a href=\"https:\/\/amphetaminapotek.com\/index.php\/product\/morfin-15mg30mg60mg\/\">tramadol<\/a> apotek har de b\u00e4sta morfinpriserna f\u00f6r onlinef\u00f6rs\u00e4ljning och vi har den snabbaste leveransen hittills f\u00f6r morfin s\u00e5 best\u00e4ll dina piller fr\u00e5n oss.<\/p>\n<h4>Hur man k\u00f6per morfin 15 mg, 30 mg, 60 mg online utan recept<\/h4>\n<p>Det \u00e4r v\u00e4ldigt l\u00e4tt att k\u00f6pa morfin online hos oss, klicka bara p\u00e5 l\u00e4nken nedan och v\u00e4lj det belopp du beh\u00f6ver och fullst\u00e4ndig best\u00e4llning, du kommer att f\u00e5 v\u00e5rt meddelande och riktning att betala, det \u00e4r enkelt och snabbt, vi erbjuder 24 timmars leverans och till och med 12 timmars leverans f\u00f6r adresser i stockholm<br \/>\nvi erbjuder ocks\u00e5 whatsapp-support,<\/p>\n<p>Var kan man k\u00f6pa morfin 30 mg i sverige utan recept.<\/p>\n<p>Vi har redan gjort det mycket tydligt att k\u00f6pa morfin online aldrig har varit enklare \u00e4n nu, det beror p\u00e5 att vi har gjort den h\u00e5rda delen och nu beh\u00f6ver du bara klicka och betala f\u00f6r att f\u00e5 ditt paket och en mycket snabb leverans.<\/p>\n<h3>Var kan jag best\u00e4lla den ursprungliga k\u00f6pa <a href=\"https:\/\/amphetaminapotek.com\/index.php\/product\/morfin-15mg30mg60mg\/\">morfin<\/a> 30 mg i sverige utan recept<\/h3>\n<p>klicka bara p\u00e5 l\u00e4nken h\u00e4r<\/p>\n<p>F\u00e5 morfin 15 mg, 30 mg, 60 mg billigt<\/p>\n<p>och att f\u00e5 morfin online till extremt bra priser e-post<\/p>\n<h4>\u00e4r k\u00f6pa morfin 30 mg i sverige utan receptett sm\u00e4rtstillande medel?<\/h4>\n<p>Enkel dos: Personerna randomiseras f\u00f6r att f\u00e5 en enda dos OxyNorm\u00ae kapslar med omedelbar fris\u00e4ttning 5, 10 och 20 mg.<\/p>\n<p>Morfin \u00e4r en opioidmedicin. En opioid kallas ibland f\u00f6r narkotika.<\/p>\n<p>k\u00f6pa morfin 30 mg i sverige utan recept anv\u00e4nds f\u00f6r att behandla m\u00e5ttlig till sv\u00e5r sm\u00e4rta. Kortverkande formuleringar tas vid behov f\u00f6r sm\u00e4rta.<\/p>\n<p>Formen med f\u00f6rl\u00e4ngd fris\u00e4ttning av morfin \u00e4r avsedd f\u00f6r behandling av sm\u00e4rta dygnet runt. Denna form av morfin \u00e4r inte avsedd f\u00f6r sm\u00e4rta efter behov.<\/p>\n<h3>ska jag ta morfin 15 mg, 30 mg, 60 mg f\u00f6r sm\u00e4rta<\/h3>\n<p>ja morfin \u00e4r mycket effektivt f\u00f6r sm\u00e4rta, och en av de b\u00e4sta sm\u00e4rtmedicinerna d\u00e4r ute men innan du tar morfin, l\u00e4s nedan.<\/p>\n<p>Du b\u00f6r inte ta morfin om du \u00e4r allergisk mot det eller om du har:<\/p>\n<p>Drick inte alkohol. Farliga biverkningar eller d\u00f6dsfall kan uppst\u00e5.<\/p>\n<p>Undvik k\u00f6rning eller farlig aktivitet tills du vet hur detta l\u00e4kemedel kommer att p\u00e5verka dig. Yrsel eller d\u00e5sighet kan orsaka fall, olyckor eller allvarliga skador. k\u00f6p morfin i malmo<\/p>\n<p>&nbsp;<\/p>\n<h4>Morfin biverkningar k\u00f6pa morfin 30 mg i sverige utan recept i malmo<\/h4>\n<p>F\u00e5 akut medicinsk hj\u00e4lp om du har tecken p\u00e5 en allergisk reaktion p\u00e5 k\u00f6pa morfin 30 mg i sverige utan recept: n\u00e4sselfeber; sv\u00e5r andning; svullnad i ansiktet, l\u00e4pparna, tungan eller halsen.<\/p>\n<p><a href=\"https:\/\/amphetaminapotek.com\/index.php\/product\/morfin-15mg30mg60mg\/\">Opioidmedicin<\/a> kan bromsa eller stoppa andningen och d\u00f6dsfall kan uppst\u00e5. En person som tar hand om dig b\u00f6r s\u00f6ka akut l\u00e4kare om du har l\u00e5ngsam andning med l\u00e5nga pauser, bl\u00e5f\u00e4rgade l\u00e4ppar eller om du \u00e4r sv\u00e5r att vakna. k\u00f6p morfin i malmo<\/p>\n","protected":false},"excerpt":{"rendered":"<p>Morfin \u00e4r en opioidmedicinering. En opioid kallas ibland narkotisk.<\/p>\n<p>Morfin anv\u00e4nds f\u00f6r att behandla m\u00e5ttlig till sv\u00e5r sm\u00e4rta. Kortverkande formuleringar tas som beh\u00f6vs f\u00f6r sm\u00e4rta.<\/p>\n<p>Morfins f\u00f6rl\u00e4ngda fris\u00e4ttningsform \u00e4r f\u00f6r behandling av sm\u00e4rta dygnet runt. Denna form av morfin \u00e4r inte avsedd f\u00f6r anv\u00e4ndning p\u00e5 grund av sm\u00e4rta.<\/p>\n","protected":false},"featured_media":378,"comment_status":"open","ping_status":"closed","template":"","meta":{"_monsterinsights_skip_tracking":false,"_monsterinsights_sitenote_active":false,"_monsterinsights_sitenote_note":"","_monsterinsights_sitenote_category":0,"_uf_show_specific_survey":0,"_uf_disable_surveys":false,"neve_meta_sidebar":"","neve_meta_container":"","neve_meta_enable_content_width":"off","neve_meta_content_width":100,"neve_meta_title_alignment":"","neve_meta_author_avatar":"","neve_post_elements_order":"","neve_meta_disable_header":"","neve_meta_disable_footer":"","neve_meta_disable_title":"","_themeisle_gutenberg_block_has_review":false},"product_brand":[],"product_cat":[42],"product_tag":[477,478,479,480,481,482,483,484,485,486,487,488,489,490,491,492,493,494,495,496,497,498,499,500,501,502,503,504,505,506,507,508,509,510],"class_list":{"0":"post-373","1":"product","2":"type-product","3":"status-publish","4":"has-post-thumbnail","6":"product_cat-smartlindring","7":"product_tag-bestalla-morfin-diskret","8":"product_tag-bestalla-morfin-online","9":"product_tag-bestil-morfin-diskret","10":"product_tag-bestil-morfin-online","11":"product_tag-bestill-morfin-diskret","12":"product_tag-bestill-morfin-pa-nettet","13":"product_tag-billig-morfin-i-dag","14":"product_tag-billigt-morfin-idag","15":"product_tag-fyld-morfin-i-danmark","16":"product_tag-fylla-morfin-i-sverige","17":"product_tag-fylle-morfin-i-norge","18":"product_tag-hurtig-levering-morfin","19":"product_tag-kjop-morfin-i-all-hemmelighet","20":"product_tag-kjop-morfin-med-swish","21":"product_tag-kjop-morfin-pa-darkweb","22":"product_tag-kjop-morfin-uten-resept","23":"product_tag-kjope-morfin-flashback","24":"product_tag-kob-morfin-flashback","25":"product_tag-kob-morfin-i-hemmelighed","26":"product_tag-kob-morfin-med-swish","27":"product_tag-kob-morfin-pa-darkweb","28":"product_tag-kob-morfin-uden-recept","29":"product_tag-kop-morfin-flashback","30":"product_tag-kop-morfin-med-swish","31":"product_tag-kop-morfin-pa-darkweb","32":"product_tag-kop-morfin-utan-recept","33":"product_tag-kopa-morfin-i-hemlighet","34":"product_tag-kvalitet-morfin","35":"product_tag-morfin-15mg","36":"product_tag-morfin-30mg","37":"product_tag-morfin-60mg","38":"product_tag-rask-levering-morfin","39":"product_tag-ren-morfin","40":"product_tag-snabb-leveransmorfin","42":"first","43":"instock","44":"shipping-taxable","45":"purchasable","46":"product-type-variable"},"aioseo_notices":[],"jetpack-related-posts":[{"id":392,"url":"https:\/\/amphetaminapotek.com\/index.php\/product\/tradolan\/","url_meta":{"origin":373,"position":0},"title":"k\u00f6p tradolan i sverige online utan recept","author":"kris","date":"","format":false,"excerpt":"Aktiva \u00e4mnen tramadol \u00c4r anv\u00e4nd Tradolan\u00ae \u00e4r ett sm\u00e4rtstillande medel. Arbetar Fungerar sm\u00e4rtstillande medel genom att p\u00e5verka de omr\u00e5den i hj\u00e4rnan som uppt\u00e4cker sm\u00e4rta. Tramadol \u00e4r ett morfinliknande medel, men har en svagare analgetisk effekt \u00e4n morfin och har inte heller morfinens beroendeframkallande egenskaper. Halveringstiden f\u00f6r blod (T\u00bd) \u00e4r 5-6\u2026","rel":"","context":"Liknande inl\u00e4gg","block_context":{"text":"Liknande inl\u00e4gg","link":""},"img":{"alt_text":"Tradolan","src":"https:\/\/i0.wp.com\/amphetaminapotek.com\/wp-content\/uploads\/2023\/04\/L3t8tm-tfee0IBjXE_VU8QeCchI.jpg?resize=350%2C200&ssl=1","width":350,"height":200,"srcset":"https:\/\/i0.wp.com\/amphetaminapotek.com\/wp-content\/uploads\/2023\/04\/L3t8tm-tfee0IBjXE_VU8QeCchI.jpg?resize=350%2C200&ssl=1 1x, https:\/\/i0.wp.com\/amphetaminapotek.com\/wp-content\/uploads\/2023\/04\/L3t8tm-tfee0IBjXE_VU8QeCchI.jpg?resize=525%2C300&ssl=1 1.5x, https:\/\/i0.wp.com\/amphetaminapotek.com\/wp-content\/uploads\/2023\/04\/L3t8tm-tfee0IBjXE_VU8QeCchI.jpg?resize=700%2C400&ssl=1 2x, https:\/\/i0.wp.com\/amphetaminapotek.com\/wp-content\/uploads\/2023\/04\/L3t8tm-tfee0IBjXE_VU8QeCchI.jpg?resize=1050%2C600&ssl=1 3x"},"classes":[]},{"id":393,"url":"https:\/\/amphetaminapotek.com\/index.php\/product\/citodon\/","url_meta":{"origin":373,"position":1},"title":"K\u00f6p Citodon 500 mg Online","author":"kris","date":"","format":false,"excerpt":"Citodon \u00e4r en m\u00e4rkesformel av codein och paracetamol, \u00e4ven k\u00e4nd som acetaminophen. Codeine \u00e4r i en grupp l\u00e4kemedel som kallas narkotiska sm\u00e4rtstillande medel. Paracetamol \u00e4r en mindre potent sm\u00e4rtstillande som \u00f6kar effekterna av kodin. De tv\u00e5 drogerna kombineras anv\u00e4nds f\u00f6r att lindra m\u00e5ttlig till sv\u00e5r sm\u00e4rta. \u00a0","rel":"","context":"Med 1 kommentar","block_context":{"text":"Med 1 kommentar","link":"https:\/\/amphetaminapotek.com\/index.php\/product\/citodon\/#comments"},"img":{"alt_text":"K\u00f6p Citodon 500 mg Online","src":"https:\/\/i0.wp.com\/amphetaminapotek.com\/wp-content\/uploads\/2023\/04\/citodon.jpg?resize=350%2C200&ssl=1","width":350,"height":200},"classes":[]},{"id":390,"url":"https:\/\/amphetaminapotek.com\/index.php\/product\/viagra\/","url_meta":{"origin":373,"position":2},"title":"viagra","author":"kris","date":"","format":false,"excerpt":"Viagra (sildenafil) slappnar av muskler som finns i blodk\u00e4rlens v\u00e4ggar och \u00f6kar blodfl\u00f6det till vissa delar av kroppen. Viagra anv\u00e4nds f\u00f6r att behandla erektil dysfunktion (impotens) hos m\u00e4n. Ett annat m\u00e4rke av sildenafil \u00e4r Revatio, som anv\u00e4nds f\u00f6r att behandla pulmonell arteriell hypertension och f\u00f6rb\u00e4ttra tr\u00e4ningskapaciteten hos m\u00e4n och kvinnor.\u2026","rel":"","context":"Liknande inl\u00e4gg","block_context":{"text":"Liknande inl\u00e4gg","link":""},"img":{"alt_text":"","src":"","width":0,"height":0},"classes":[]},{"id":388,"url":"https:\/\/amphetaminapotek.com\/index.php\/product\/dolcontin\/","url_meta":{"origin":373,"position":3},"title":"K\u00f6p\u00a0 Dolcontin 100 mg i sverige online utan recept","author":"kris","date":"","format":false,"excerpt":"Dolcontin \u00e4r en opioid sm\u00e4rtstillande medicin. En opioid kallas ibland narkotisk. Dolcontin anv\u00e4nds f\u00f6r att behandla m\u00e5ttlig till sv\u00e5r sm\u00e4rta. Kortverkande Dolcontin tas vid behov f\u00f6r sm\u00e4rta. F\u00f6rdr\u00f6jd fris\u00e4ttningsform av detta l\u00e4kemedel \u00e4r f\u00f6r behandling av sm\u00e4rta dygnet runt. Denna form av Dolcontin \u00e4r inte till f\u00f6rfogande p\u00e5 grund av\u2026","rel":"","context":"Liknande inl\u00e4gg","block_context":{"text":"Liknande inl\u00e4gg","link":""},"img":{"alt_text":"","src":"https:\/\/i0.wp.com\/amphetaminapotek.com\/wp-content\/uploads\/2023\/04\/ob_c31437_dolcontin-100mg.jpg?resize=350%2C200&ssl=1","width":350,"height":200,"srcset":"https:\/\/i0.wp.com\/amphetaminapotek.com\/wp-content\/uploads\/2023\/04\/ob_c31437_dolcontin-100mg.jpg?resize=350%2C200&ssl=1 1x, https:\/\/i0.wp.com\/amphetaminapotek.com\/wp-content\/uploads\/2023\/04\/ob_c31437_dolcontin-100mg.jpg?resize=525%2C300&ssl=1 1.5x, https:\/\/i0.wp.com\/amphetaminapotek.com\/wp-content\/uploads\/2023\/04\/ob_c31437_dolcontin-100mg.jpg?resize=700%2C400&ssl=1 2x"},"classes":[]},{"id":245,"url":"https:\/\/amphetaminapotek.com\/index.php\/product\/metadon-online-20mg40-mg\/","url_meta":{"origin":373,"position":4},"title":"best\u00e4lla metadon utan recept","author":"kris","date":"","format":false,"excerpt":"Metadon \u00e4r en opioidmedicin. En opioid kallas ibland narkotisk. Metadon minskar abstinenssymptom hos personer som \u00e4r beroende av heroin eller andra narkotiska droger utan att orsaka \"h\u00f6ga\" associerade med narkotikamissbruk. Metadon anv\u00e4nds som sm\u00e4rtstillande medel och som del av avgiftnings- och underh\u00e5llsprogram f\u00f6r narkotikamissbruk. Den \u00e4r endast tillg\u00e4nglig fr\u00e5n ett\u2026","rel":"","context":"Liknande inl\u00e4gg","block_context":{"text":"Liknande inl\u00e4gg","link":""},"img":{"alt_text":"","src":"https:\/\/i0.wp.com\/amphetaminapotek.com\/wp-content\/uploads\/2023\/04\/methadone.jpg?resize=350%2C200&ssl=1","width":350,"height":200,"srcset":"https:\/\/i0.wp.com\/amphetaminapotek.com\/wp-content\/uploads\/2023\/04\/methadone.jpg?resize=350%2C200&ssl=1 1x, https:\/\/i0.wp.com\/amphetaminapotek.com\/wp-content\/uploads\/2023\/04\/methadone.jpg?resize=525%2C300&ssl=1 1.5x"},"classes":[]},{"id":374,"url":"https:\/\/amphetaminapotek.com\/index.php\/product\/oxikodon-30mg-80mg\/","url_meta":{"origin":373,"position":5},"title":"k\u00f6pa oxycodon i sverige","author":"kris","date":"","format":false,"excerpt":"Oxykodon \u00e4r en opioid sm\u00e4rtstillande medicin kallas ibland narkotiska. Oxykodon anv\u00e4nds f\u00f6r att behandla m\u00e5ttlig till sv\u00e5r sm\u00e4rta.","rel":"","context":"Liknande inl\u00e4gg","block_context":{"text":"Liknande inl\u00e4gg","link":""},"img":{"alt_text":"k\u00f6pa oxycodon i sverige","src":"https:\/\/i0.wp.com\/amphetaminapotek.com\/wp-content\/uploads\/2023\/04\/NORDICAPOTEK-OX.jpg?resize=350%2C200&ssl=1","width":350,"height":200,"srcset":"https:\/\/i0.wp.com\/amphetaminapotek.com\/wp-content\/uploads\/2023\/04\/NORDICAPOTEK-OX.jpg?resize=350%2C200&ssl=1 1x, https:\/\/i0.wp.com\/amphetaminapotek.com\/wp-content\/uploads\/2023\/04\/NORDICAPOTEK-OX.jpg?resize=525%2C300&ssl=1 1.5x, https:\/\/i0.wp.com\/amphetaminapotek.com\/wp-content\/uploads\/2023\/04\/NORDICAPOTEK-OX.jpg?resize=700%2C400&ssl=1 2x"},"classes":[]}],"jetpack_sharing_enabled":true,"_links":{"self":[{"href":"https:\/\/amphetaminapotek.com\/index.php\/wp-json\/wp\/v2\/product\/373","targetHints":{"allow":["GET"]}}],"collection":[{"href":"https:\/\/amphetaminapotek.com\/index.php\/wp-json\/wp\/v2\/product"}],"about":[{"href":"https:\/\/amphetaminapotek.com\/index.php\/wp-json\/wp\/v2\/types\/product"}],"replies":[{"embeddable":true,"href":"https:\/\/amphetaminapotek.com\/index.php\/wp-json\/wp\/v2\/comments?post=373"}],"wp:featuredmedia":[{"embeddable":true,"href":"https:\/\/amphetaminapotek.com\/index.php\/wp-json\/wp\/v2\/media\/378"}],"wp:attachment":[{"href":"https:\/\/amphetaminapotek.com\/index.php\/wp-json\/wp\/v2\/media?parent=373"}],"wp:term":[{"taxonomy":"product_brand","embeddable":true,"href":"https:\/\/amphetaminapotek.com\/index.php\/wp-json\/wp\/v2\/product_brand?post=373"},{"taxonomy":"product_cat","embeddable":true,"href":"https:\/\/amphetaminapotek.com\/index.php\/wp-json\/wp\/v2\/product_cat?post=373"},{"taxonomy":"product_tag","embeddable":true,"href":"https:\/\/amphetaminapotek.com\/index.php\/wp-json\/wp\/v2\/product_tag?post=373"}],"curies":[{"name":"wp","href":"https:\/\/api.w.org\/{rel}","templated":true}]}}