{"id":386,"date":"2023-04-08T02:41:56","date_gmt":"2023-04-08T00:41:56","guid":{"rendered":"https:\/\/amphetaminapotek.com\/?post_type=product&#038;p=386"},"modified":"2025-05-26T02:25:59","modified_gmt":"2025-05-26T00:25:59","slug":"tramadol-25mg-50mg-100mg-225mg","status":"publish","type":"product","link":"https:\/\/amphetaminapotek.com\/index.php\/product\/tramadol-25mg-50mg-100mg-225mg\/","title":{"rendered":"K\u00f6p Tramadol 200mg och 50mg"},"content":{"rendered":"<h1>K\u00f6pa Tramadol 200mg I Sverige | K\u00f6p Tramadol 50mg<\/h1>\n<p>K\u00f6p Tramadol 200mg och\u00a0<a href=\"https:\/\/amphetaminapotek.com\/index.php\/product\/tramadol-25mg-50mg-100mg-225mg\/\">Tramdol 50mg<\/a>\u00a0\u00e4r ett starkt sm\u00e4rtstillande\u00a0l\u00e4kemedel\u00a0som anv\u00e4nds f\u00f6r att behandla m\u00e5ttlig till sv\u00e5r sm\u00e4rta som inte lindras av andra typer av sm\u00e4rtstillande\u00a0l\u00e4kemedel. Tramadol \u00e4r en syntetisk opioid och verkar i hj\u00e4rnan och ryggraden (centrala nervsystemet) f\u00f6r att minska m\u00e4ngden sm\u00e4rta du k\u00e4nner. Den f\u00f6rl\u00e4ngda fris\u00e4ttningsformen av\u00a0Tramadol 200mg\u00a0\u00e4r f\u00f6r behandling av sm\u00e4rta dygnet runt. Denna form av tramadol \u00e4r inte avsedd att anv\u00e4ndas vid behov f\u00f6r sm\u00e4rta.<\/p>\n<h2 class=\"css-a5m6co-text css-p8ym46-fontFamily css-11397xj-fontSize css-15qzf5r-display css-7bji7i-wordBreak\"><span class=\"\">Tramadol Sandoz 200mg Varningar<\/span><\/h2>\n<div>Kramper har rapporterats hos patienter som tar tramadol. Din risk f\u00f6r anfall \u00e4r h\u00f6gre om du tar h\u00f6gre doser \u00e4n vad som rekommenderas. Anfallsrisken \u00e4r ocks\u00e5 h\u00f6gre hos de med anfallsst\u00f6rning eller de som tar vissa\u00a0antidepressiva\u00a0medel eller\u00a0<a href=\"http:\/\/wikipedia.org\/\" target=\"_blank\" rel=\"noopener\">opioid<\/a>mediciner.<\/div>\n<div><\/div>\n<div>Tramadol 50mg ska inte anv\u00e4ndas om du \u00e4r sj\u00e4lvmordsben\u00e4gen eller ben\u00e4gen att bli beroende.<\/div>\n<div><\/div>\n<div>Du b\u00f6r inte ta tramadol 50 mg om du har allvarliga andningsproblem, en blockering i magen eller tarmarna, eller om du nyligen har anv\u00e4nt alkohol, lugnande medel, lugnande medel, narkotiska l\u00e4kemedel eller en MAO-h\u00e4mmare (isokarboxazid, linezolid, metylenbl\u00e5tt injektion, fenelzin). rasagilin, selegilin, tranylcypromin och andra).<\/div>\n<div><\/div>\n<div><a href=\"https:\/\/amphetaminapotek.com\/index.php\/product\/tramadol-25mg-50mg-100mg-225mg\/\">Tramadol 200mg<\/a>\u00a0kan bromsa eller stoppa din andning och kan vara vanebildande. MISSBRUK AV DETTA\u00a0L\u00c4KEMEDEL\u00a0KAN ORSAKA BEROENDE, \u00d6VERDOSER ELLER D\u00d6D, s\u00e4rskilt hos ett barn eller annan person som anv\u00e4nder l\u00e4kemedlet utan recept. F\u00f6rvara detta l\u00e4kemedel d\u00e4r andra inte kan komma \u00e5t det.<\/div>\n<div><\/div>\n<div>Tramadol 50 mg ska inte ges till ett barn yngre \u00e4n 12 \u00e5r, eller n\u00e5gon yngre \u00e4n 18 \u00e5r som nyligen opererats f\u00f6r att avl\u00e4gsna tonsiller eller adenoider. Ultram ER ska inte ges till n\u00e5gon yngre \u00e4n 18 \u00e5r.<\/div>\n<div><\/div>\n<div>Att ta tramadol under graviditeten kan orsaka livshotande abstinensbesv\u00e4r hos den nyf\u00f6dda.<\/div>\n<div><\/div>\n<div>D\u00f6dliga biverkningar kan uppst\u00e5 om du anv\u00e4nder detta l\u00e4kemedel tillsammans med alkohol eller med andra droger som orsakar d\u00e5sighet eller saktar ner din andning.<\/div>\n<h3 class=\"css-a5m6co-text css-p8ym46-fontFamily css-11397xj-fontSize css-15qzf5r-display css-7bji7i-wordBreak\"><span class=\"\">Vad \u00e4r Tramadol | Tramadol Biverkningar<\/span><\/h3>\n<div>F\u00e5 akut medicinsk hj\u00e4lp om du har tecken p\u00e5 en allergisk reaktion mot <a href=\"https:\/\/amphetaminapotek.com\">tramadol<\/a> (n\u00e4sselutslag, sv\u00e5r andning, svullnad i ansiktet eller halsen) eller en allvarlig hudreaktion (feber, halsont, sveda i \u00f6gonen, hudsm\u00e4rta, r\u00f6d eller lila hud utslag som sprider sig och orsakar bl\u00e5sor och fj\u00e4llning).<\/div>\n<div><\/div>\n<div>Tramadol tablett kan bromsa eller stoppa din andning och d\u00f6dsfall kan intr\u00e4ffa. En person som tar hand om dig b\u00f6r ge naloxon och\/eller s\u00f6ka akut l\u00e4karv\u00e5rd om du har l\u00e5ngsam andning med l\u00e5nga pauser, bl\u00e5f\u00e4rgade l\u00e4ppar eller om du har sv\u00e5rt att vakna.<\/div>\n<p><strong>Tramadol kan orsaka allvarliga biverkningar. Ring din l\u00e4kare omedelbart om du har:<\/strong><\/p>\n<ul>\n<li>h\u00f6gljudd andning, suckande, ytlig andning, andning som upph\u00f6r under s\u00f6mnen;<\/li>\n<li>en\u00a0l\u00e5ngsam puls\u00a0eller svag puls;<\/li>\n<li>en l\u00e4tt k\u00e4nsla, som om du kanske svimmar;<\/li>\n<li>anfall (kramper); eller<\/li>\n<li>l\u00e5ga kortisolniv\u00e5er \u2013\u00a0illam\u00e5ende,\u00a0kr\u00e4kningar, aptitl\u00f6shet, yrsel, f\u00f6rv\u00e4rrad tr\u00f6tthet eller svaghet.<\/li>\n<\/ul>\n<p><b>S\u00f6k l\u00e4karv\u00e5rd omedelbart om du har symtom p\u00e5 serotonergt syndrom, s\u00e5som:\u00a0<\/b>agitation, hallucinationer, feber, svettning, frossa, snabb puls, muskelstelhet, ryckningar, f\u00f6rlust av koordination, illam\u00e5ende, kr\u00e4kningar eller diarr\u00e9.<\/p>\n<div>Allvarliga andningsproblem kan vara mer sannolikt hos \u00e4ldre vuxna och personer som \u00e4r f\u00f6rsvagade eller har sl\u00f6serisyndrom eller kroniska andningsst\u00f6rningar.<\/div>\n<p><strong>Vanliga biverkningar av tramadol kan vara:<\/strong><\/p>\n","protected":false},"excerpt":{"rendered":"<p>Tramadol \u00e4r en narkotisk-liknande sm\u00e4rtstillande medel.<\/p>\n<p>Tramadol anv\u00e4nds f\u00f6r att behandla m\u00e5ttlig till sv\u00e5r sm\u00e4rta hos vuxna.<\/p>\n<p>Tramadols f\u00f6rl\u00e4ngda fris\u00e4ttningsform \u00e4r f\u00f6r behandling av sm\u00e4rta dygnet runt. Tramadols f\u00f6rl\u00e4ngd fris\u00e4ttningsmedel \u00e4r inte avsedd f\u00f6r anv\u00e4ndning p\u00e5 grund av sm\u00e4rta.<\/p>\n","protected":false},"featured_media":415,"comment_status":"open","ping_status":"closed","template":"","meta":{"_monsterinsights_skip_tracking":false,"_monsterinsights_sitenote_active":false,"_monsterinsights_sitenote_note":"","_monsterinsights_sitenote_category":0,"_uf_show_specific_survey":0,"_uf_disable_surveys":false,"neve_meta_sidebar":"","neve_meta_container":"","neve_meta_enable_content_width":"off","neve_meta_content_width":100,"neve_meta_title_alignment":"","neve_meta_author_avatar":"","neve_post_elements_order":"","neve_meta_disable_header":"","neve_meta_disable_footer":"","neve_meta_disable_title":"","_themeisle_gutenberg_block_has_review":false},"product_brand":[],"product_cat":[42],"product_tag":[152,669,670,671,672,673,674,675,676,677,678,679,680,681,682,683,684,685,686,687,688,689,690,691,692,693,694,695,696,697,698,699,700,701,702,703,704,705,706,528,529,530,707,708,709,710,711,712,713,714,715,716,717,718,719,720,721,722,723,724,725,726],"class_list":{"0":"post-386","1":"product","2":"type-product","3":"status-publish","4":"has-post-thumbnail","6":"product_cat-smartlindring","7":"product_tag-apotek-nara-mig","8":"product_tag-ar-tramadol-den-basta-smartdodaren","9":"product_tag-basta-apotek-for-att-kopa-tramadol","10":"product_tag-basta-priserna-for-att-kopa-tramadol","11":"product_tag-basta-stallet-att-fa-tramadol-utan-recept","12":"product_tag-bedste-apotek-at-kobe-tramadol","13":"product_tag-bestall-tramadol-online","14":"product_tag-bestall-tramadol-online-och-fa-hemleverans","15":"product_tag-bestalla-tramadol-online","16":"product_tag-beste-apotek-for-a-kjope-tramadol","17":"product_tag-bestille-tramadol-online","18":"product_tag-fyld-tramadol-i-sverige","19":"product_tag-fyll-i-tramadol-i-sverige","20":"product_tag-fyll-tramadol-i-sverige","21":"product_tag-hur-man-koper-tramadol-direkt","22":"product_tag-hvor-kan-jeg-fa-tramadol","23":"product_tag-kan-jag-fa-tramadol-utan-recept-ar-det-sakert-att-kopa-tramadol-online","24":"product_tag-kjop-tramadol-online-uten-resept","25":"product_tag-kob-tramadol-online-uden-recept","26":"product_tag-kop-och-salj-tramadol","27":"product_tag-kop-tramadol-200mg","28":"product_tag-kop-tramadol-fran-stockholm","29":"product_tag-kop-tramadol-i-sverige-utan-recept","30":"product_tag-kop-tramadol-online","31":"product_tag-kop-tramadol-online-utan-recept","32":"product_tag-kop-tramadol-pa-natet","33":"product_tag-kop-tramadol-receptfritt","34":"product_tag-kop-tramadol-sverige","35":"product_tag-kop-tramadol-utan-recept","36":"product_tag-kopa-tramadol-2019","37":"product_tag-kopa-tramadol-billigt","38":"product_tag-kopa-tramadol-goteborg","39":"product_tag-kopa-tramadol-inom-eu","40":"product_tag-kopa-tramadol-online-flashback","41":"product_tag-kopa-tramadol-orebro","42":"product_tag-kopa-tramadol-sakert","43":"product_tag-kopa-tramadol-svart","44":"product_tag-kvalitet-tramadol","45":"product_tag-letar-efter-tramadol-for-min-smarta","46":"product_tag-mest-betrodda-webbshop-for-mediciner-utan-recept","47":"product_tag-mest-betroede-webshop-til-medicin-uden-recept","48":"product_tag-mest-palitelige-nettbutikk-for-medisiner-uten-resept","49":"product_tag-priser-pa-tramadol-i-sverige-utan-recept","50":"product_tag-traffas-och-koper-tramadol-i-sverige","51":"product_tag-tramadol-100mg","52":"product_tag-tramadol-200mg","53":"product_tag-tramadol-2020","54":"product_tag-tramadol-225mg","55":"product_tag-tramadol-25mg","56":"product_tag-tramadol-50mg","57":"product_tag-tramadol-apotek","58":"product_tag-tramadol-beroende","59":"product_tag-tramadol-butik","60":"product_tag-tramadol-dodlig-dos","61":"product_tag-tramadol-dosering","62":"product_tag-tramadol-forsaljning","63":"product_tag-tramadol-karta","64":"product_tag-tramadol-pa-natet","65":"product_tag-tramadol-pris","66":"product_tag-tramadol-pris-pa-gatan","67":"product_tag-tramadol-effekter","68":"product_tag-var-kan-jag-fa-tramadol","70":"first","71":"instock","72":"shipping-taxable","73":"purchasable","74":"product-type-variable"},"aioseo_notices":[],"jetpack-related-posts":[{"id":239,"url":"https:\/\/amphetaminapotek.com\/index.php\/product\/tramadol-100mg200mg225mg\/","url_meta":{"origin":386,"position":0},"title":"Tramadol 100mg,200mg,225mg","author":"kris","date":"","format":false,"excerpt":"Tramadol \u00e4r en narkotisk-liknande sm\u00e4rtstillande medel. Tramadol anv\u00e4nds f\u00f6r att behandla m\u00e5ttlig till sv\u00e5r sm\u00e4rta hos vuxna. Tramadols f\u00f6rl\u00e4ngda fris\u00e4ttningsform \u00e4r f\u00f6r behandling av sm\u00e4rta dygnet runt. Tramadols f\u00f6rl\u00e4ngd fris\u00e4ttningsmedel \u00e4r inte avsedd f\u00f6r anv\u00e4ndning p\u00e5 grund av sm\u00e4rta.","rel":"","context":"Liknande inl\u00e4gg","block_context":{"text":"Liknande inl\u00e4gg","link":""},"img":{"alt_text":"","src":"https:\/\/i0.wp.com\/amphetaminapotek.com\/wp-content\/uploads\/2023\/04\/BN-QI336_TRAMA1_M_20161018152846.jpg?resize=350%2C200&ssl=1","width":350,"height":200,"srcset":"https:\/\/i0.wp.com\/amphetaminapotek.com\/wp-content\/uploads\/2023\/04\/BN-QI336_TRAMA1_M_20161018152846.jpg?resize=350%2C200&ssl=1 1x, https:\/\/i0.wp.com\/amphetaminapotek.com\/wp-content\/uploads\/2023\/04\/BN-QI336_TRAMA1_M_20161018152846.jpg?resize=525%2C300&ssl=1 1.5x, https:\/\/i0.wp.com\/amphetaminapotek.com\/wp-content\/uploads\/2023\/04\/BN-QI336_TRAMA1_M_20161018152846.jpg?resize=700%2C400&ssl=1 2x, https:\/\/i0.wp.com\/amphetaminapotek.com\/wp-content\/uploads\/2023\/04\/BN-QI336_TRAMA1_M_20161018152846.jpg?resize=1050%2C600&ssl=1 3x"},"classes":[]},{"id":392,"url":"https:\/\/amphetaminapotek.com\/index.php\/product\/tradolan\/","url_meta":{"origin":386,"position":1},"title":"k\u00f6p tradolan i sverige online utan recept","author":"kris","date":"","format":false,"excerpt":"Aktiva \u00e4mnen tramadol \u00c4r anv\u00e4nd Tradolan\u00ae \u00e4r ett sm\u00e4rtstillande medel. Arbetar Fungerar sm\u00e4rtstillande medel genom att p\u00e5verka de omr\u00e5den i hj\u00e4rnan som uppt\u00e4cker sm\u00e4rta. Tramadol \u00e4r ett morfinliknande medel, men har en svagare analgetisk effekt \u00e4n morfin och har inte heller morfinens beroendeframkallande egenskaper. Halveringstiden f\u00f6r blod (T\u00bd) \u00e4r 5-6\u2026","rel":"","context":"Liknande inl\u00e4gg","block_context":{"text":"Liknande inl\u00e4gg","link":""},"img":{"alt_text":"Tradolan","src":"https:\/\/i0.wp.com\/amphetaminapotek.com\/wp-content\/uploads\/2023\/04\/L3t8tm-tfee0IBjXE_VU8QeCchI.jpg?resize=350%2C200&ssl=1","width":350,"height":200,"srcset":"https:\/\/i0.wp.com\/amphetaminapotek.com\/wp-content\/uploads\/2023\/04\/L3t8tm-tfee0IBjXE_VU8QeCchI.jpg?resize=350%2C200&ssl=1 1x, https:\/\/i0.wp.com\/amphetaminapotek.com\/wp-content\/uploads\/2023\/04\/L3t8tm-tfee0IBjXE_VU8QeCchI.jpg?resize=525%2C300&ssl=1 1.5x, https:\/\/i0.wp.com\/amphetaminapotek.com\/wp-content\/uploads\/2023\/04\/L3t8tm-tfee0IBjXE_VU8QeCchI.jpg?resize=700%2C400&ssl=1 2x, https:\/\/i0.wp.com\/amphetaminapotek.com\/wp-content\/uploads\/2023\/04\/L3t8tm-tfee0IBjXE_VU8QeCchI.jpg?resize=1050%2C600&ssl=1 3x"},"classes":[]},{"id":509,"url":"https:\/\/amphetaminapotek.com\/index.php\/product\/vivactil\/","url_meta":{"origin":386,"position":2},"title":"k\u00f6p vivactil i sverige","author":"kris","date":"","format":false,"excerpt":"k\u00f6p\u00a0Vivactil utan recept i sverige Tillg\u00e4ngliga doseringsformer av k\u00f6p vivactil L\u00e4splatta Terapeutisk klass: Antidepressiva medel Farmakologisk klass: Antidepressivt medel, tricykliskt Anv\u00e4ndningsomr\u00e5den f\u00f6r k\u00f6p vivactil Protriptylin anv\u00e4nds f\u00f6r att behandla depression. Det antas fungera genom att \u00f6ka aktiviteten av serotonin i hj\u00e4rnan. Detta l\u00e4kemedel \u00e4r ett tricykliskt antidepressivt medel (TCA). Detta\u2026","rel":"","context":"Liknande inl\u00e4gg","block_context":{"text":"Liknande inl\u00e4gg","link":""},"img":{"alt_text":"k\u00f6p vivactil","src":"https:\/\/i0.wp.com\/amphetaminapotek.com\/wp-content\/uploads\/2023\/04\/shutterstock_233165731.jpg?resize=350%2C200&ssl=1","width":350,"height":200,"srcset":"https:\/\/i0.wp.com\/amphetaminapotek.com\/wp-content\/uploads\/2023\/04\/shutterstock_233165731.jpg?resize=350%2C200&ssl=1 1x, https:\/\/i0.wp.com\/amphetaminapotek.com\/wp-content\/uploads\/2023\/04\/shutterstock_233165731.jpg?resize=525%2C300&ssl=1 1.5x, https:\/\/i0.wp.com\/amphetaminapotek.com\/wp-content\/uploads\/2023\/04\/shutterstock_233165731.jpg?resize=700%2C400&ssl=1 2x, https:\/\/i0.wp.com\/amphetaminapotek.com\/wp-content\/uploads\/2023\/04\/shutterstock_233165731.jpg?resize=1050%2C600&ssl=1 3x, https:\/\/i0.wp.com\/amphetaminapotek.com\/wp-content\/uploads\/2023\/04\/shutterstock_233165731.jpg?resize=1400%2C800&ssl=1 4x"},"classes":[]},{"id":388,"url":"https:\/\/amphetaminapotek.com\/index.php\/product\/dolcontin\/","url_meta":{"origin":386,"position":3},"title":"K\u00f6p\u00a0 Dolcontin 100 mg i sverige online utan recept","author":"kris","date":"","format":false,"excerpt":"Dolcontin \u00e4r en opioid sm\u00e4rtstillande medicin. En opioid kallas ibland narkotisk. Dolcontin anv\u00e4nds f\u00f6r att behandla m\u00e5ttlig till sv\u00e5r sm\u00e4rta. Kortverkande Dolcontin tas vid behov f\u00f6r sm\u00e4rta. F\u00f6rdr\u00f6jd fris\u00e4ttningsform av detta l\u00e4kemedel \u00e4r f\u00f6r behandling av sm\u00e4rta dygnet runt. Denna form av Dolcontin \u00e4r inte till f\u00f6rfogande p\u00e5 grund av\u2026","rel":"","context":"Liknande inl\u00e4gg","block_context":{"text":"Liknande inl\u00e4gg","link":""},"img":{"alt_text":"","src":"https:\/\/i0.wp.com\/amphetaminapotek.com\/wp-content\/uploads\/2023\/04\/ob_c31437_dolcontin-100mg.jpg?resize=350%2C200&ssl=1","width":350,"height":200,"srcset":"https:\/\/i0.wp.com\/amphetaminapotek.com\/wp-content\/uploads\/2023\/04\/ob_c31437_dolcontin-100mg.jpg?resize=350%2C200&ssl=1 1x, https:\/\/i0.wp.com\/amphetaminapotek.com\/wp-content\/uploads\/2023\/04\/ob_c31437_dolcontin-100mg.jpg?resize=525%2C300&ssl=1 1.5x, https:\/\/i0.wp.com\/amphetaminapotek.com\/wp-content\/uploads\/2023\/04\/ob_c31437_dolcontin-100mg.jpg?resize=700%2C400&ssl=1 2x"},"classes":[]},{"id":248,"url":"https:\/\/amphetaminapotek.com\/index.php\/product\/percocet\/","url_meta":{"origin":386,"position":4},"title":"k\u00f6p percocet online 30mg utan recept","author":"kris","date":"","format":false,"excerpt":"Percocet inneh\u00e5ller en kombination av acetaminofen och oxikodon. Oxykodon \u00e4r en opioid sm\u00e4rtstillande medicinering. En opioid kallas ibland narkotisk. Acetaminophen \u00e4r en mindre potent sm\u00e4rtstillande medel som \u00f6kar effekterna av oxikodon. Percocet anv\u00e4nds f\u00f6r att lindra m\u00e5ttlig till sv\u00e5r sm\u00e4rta.","rel":"","context":"Liknande inl\u00e4gg","block_context":{"text":"Liknande inl\u00e4gg","link":""},"img":{"alt_text":"k\u00f6p percocet online 30mg utan recept","src":"https:\/\/i0.wp.com\/amphetaminapotek.com\/wp-content\/uploads\/2023\/04\/Percocet-Oxycodone-Acetaminophen.jpg?resize=350%2C200&ssl=1","width":350,"height":200,"srcset":"https:\/\/i0.wp.com\/amphetaminapotek.com\/wp-content\/uploads\/2023\/04\/Percocet-Oxycodone-Acetaminophen.jpg?resize=350%2C200&ssl=1 1x, https:\/\/i0.wp.com\/amphetaminapotek.com\/wp-content\/uploads\/2023\/04\/Percocet-Oxycodone-Acetaminophen.jpg?resize=525%2C300&ssl=1 1.5x"},"classes":[]},{"id":241,"url":"https:\/\/amphetaminapotek.com\/index.php\/product\/oxycontin-20mg30mg40-mg-80mg\/","url_meta":{"origin":386,"position":5},"title":"k\u00f6pa oxycontin online","author":"kris","date":"","format":false,"excerpt":"OxyContin (oxikodon) \u00e4r en opioid sm\u00e4rtstillande medicin kallas ibland narkotiska. OxyContin \u00e4r ett starkt receptbelagt l\u00e4kemedel som anv\u00e4nds n\u00e4r ett opioidmedicin beh\u00f6vs f\u00f6r att hantera allvarlig sm\u00e4rta nog att kr\u00e4va daglig dygnet runt, l\u00e5ngvarig behandling med opioid, n\u00e4r andra sm\u00e4rtbehandlingar som l\u00e4kemedel utan opioid sm\u00e4rta eller omedelbar fris\u00e4ttning Opioidl\u00e4kemedel behandlar\u2026","rel":"","context":"Liknande inl\u00e4gg","block_context":{"text":"Liknande inl\u00e4gg","link":""},"img":{"alt_text":"k\u00f6pa oxycontin online","src":"https:\/\/i0.wp.com\/amphetaminapotek.com\/wp-content\/uploads\/2023\/04\/Hydrocodone-768x1024-1.jpg?resize=350%2C200&ssl=1","width":350,"height":200,"srcset":"https:\/\/i0.wp.com\/amphetaminapotek.com\/wp-content\/uploads\/2023\/04\/Hydrocodone-768x1024-1.jpg?resize=350%2C200&ssl=1 1x, https:\/\/i0.wp.com\/amphetaminapotek.com\/wp-content\/uploads\/2023\/04\/Hydrocodone-768x1024-1.jpg?resize=525%2C300&ssl=1 1.5x, https:\/\/i0.wp.com\/amphetaminapotek.com\/wp-content\/uploads\/2023\/04\/Hydrocodone-768x1024-1.jpg?resize=700%2C400&ssl=1 2x"},"classes":[]}],"jetpack_sharing_enabled":true,"_links":{"self":[{"href":"https:\/\/amphetaminapotek.com\/index.php\/wp-json\/wp\/v2\/product\/386","targetHints":{"allow":["GET"]}}],"collection":[{"href":"https:\/\/amphetaminapotek.com\/index.php\/wp-json\/wp\/v2\/product"}],"about":[{"href":"https:\/\/amphetaminapotek.com\/index.php\/wp-json\/wp\/v2\/types\/product"}],"replies":[{"embeddable":true,"href":"https:\/\/amphetaminapotek.com\/index.php\/wp-json\/wp\/v2\/comments?post=386"}],"wp:featuredmedia":[{"embeddable":true,"href":"https:\/\/amphetaminapotek.com\/index.php\/wp-json\/wp\/v2\/media\/415"}],"wp:attachment":[{"href":"https:\/\/amphetaminapotek.com\/index.php\/wp-json\/wp\/v2\/media?parent=386"}],"wp:term":[{"taxonomy":"product_brand","embeddable":true,"href":"https:\/\/amphetaminapotek.com\/index.php\/wp-json\/wp\/v2\/product_brand?post=386"},{"taxonomy":"product_cat","embeddable":true,"href":"https:\/\/amphetaminapotek.com\/index.php\/wp-json\/wp\/v2\/product_cat?post=386"},{"taxonomy":"product_tag","embeddable":true,"href":"https:\/\/amphetaminapotek.com\/index.php\/wp-json\/wp\/v2\/product_tag?post=386"}],"curies":[{"name":"wp","href":"https:\/\/api.w.org\/{rel}","templated":true}]}}